{"id":7857,"date":"2024-04-11T14:46:24","date_gmt":"2024-04-11T13:46:24","guid":{"rendered":"https:\/\/ordemdosfisioterapeutas.pt\/local\/auditorio-1-edificio-b-da-escola-superior-de-tecnologia-e-gestao-no-instituto-politecnico-de-leiria\/"},"modified":"2024-04-11T14:46:24","modified_gmt":"2024-04-11T13:46:24","slug":"auditorio-1-edificio-b-da-escola-superior-de-tecnologia-e-gestao-no-instituto-politecnico-de-leiria","status":"publish","type":"tribe_venue","link":"https:\/\/ordemdosfisioterapeutas.pt\/pt\/local\/auditorio-1-edificio-b-da-escola-superior-de-tecnologia-e-gestao-no-instituto-politecnico-de-leiria\/","title":{"rendered":"Audit\u00f3rio 1 \u2013 Edif\u00edcio B da Escola Superior de Tecnologia e Gest\u00e3o no Instituto Polit\u00e9cnico de Leiria"},"content":{"rendered":"","protected":false},"excerpt":{"rendered":"","protected":false},"author":1,"featured_media":0,"template":"","meta":{"footnotes":""},"class_list":["post-7857","tribe_venue","type-tribe_venue","status-publish","hentry"],"_links":{"self":[{"href":"https:\/\/ordemdosfisioterapeutas.pt\/pt\/wp-json\/wp\/v2\/tribe_venue\/7857","targetHints":{"allow":["GET"]}}],"collection":[{"href":"https:\/\/ordemdosfisioterapeutas.pt\/pt\/wp-json\/wp\/v2\/tribe_venue"}],"about":[{"href":"https:\/\/ordemdosfisioterapeutas.pt\/pt\/wp-json\/wp\/v2\/types\/tribe_venue"}],"author":[{"embeddable":true,"href":"https:\/\/ordemdosfisioterapeutas.pt\/pt\/wp-json\/wp\/v2\/users\/1"}],"version-history":[{"count":0,"href":"https:\/\/ordemdosfisioterapeutas.pt\/pt\/wp-json\/wp\/v2\/tribe_venue\/7857\/revisions"}],"wp:attachment":[{"href":"https:\/\/ordemdosfisioterapeutas.pt\/pt\/wp-json\/wp\/v2\/media?parent=7857"}],"curies":[{"name":"wp","href":"https:\/\/api.w.org\/{rel}","templated":true}]}}

Auditório 1 – Edifício B da Escola Superior de Tecnologia e Gestão no Instituto Politécnico de Leiria
