{"id":9365,"date":"2024-11-22T10:16:12","date_gmt":"2024-11-22T10:16:12","guid":{"rendered":"https:\/\/ordemdosfisioterapeutas.pt\/?post_type=tribe_events&#038;p=9365"},"modified":"2024-11-22T10:16:35","modified_gmt":"2024-11-22T10:16:35","slug":"webinar-avaliacao-do-risco-uma-ferramenta-importante-para-a-fisioterapia","status":"publish","type":"tribe_events","link":"https:\/\/ordemdosfisioterapeutas.pt\/pt\/agenda\/webinar-avaliacao-do-risco-uma-ferramenta-importante-para-a-fisioterapia\/","title":{"rendered":"Webinar\u00a0&#8220;Avalia\u00e7\u00e3o do Risco &#8211; uma ferramenta importante\u00a0para a Fisioterapia&#8221;"},"content":{"rendered":"<p>Este evento, organizado pela Ordem dos Fisioterapeutas, conta com a presen\u00e7a do Grupo de Trabalho da Seguran\u00e7a do Doente e de um nome de refer\u00eancia na Seguran\u00e7a do Doente o Consultor na \u00e1rea da Seguran\u00e7a do Doente e da Qualidade em Sa\u00fade da Dire\u00e7\u00e3o-Geral da Sa\u00fade , o enfermeiro Fernando Barroso.<\/p>\n","protected":false},"excerpt":{"rendered":"<p>Este evento, organizado pela Ordem dos Fisioterapeutas, conta com a presen\u00e7a do Grupo de Trabalho da Seguran\u00e7a do Doente e de um nome de refer\u00eancia na Seguran\u00e7a do Doente o Consultor na \u00e1rea da Seguran\u00e7a do Doente e da Qualidade em Sa\u00fade da Dire\u00e7\u00e3o-Geral da Sa\u00fade , o enfermeiro Fernando Barroso.<\/p>\n","protected":false},"author":1,"featured_media":0,"template":"","meta":{"_tribe_events_status":"","_tribe_events_status_reason":"","_tribe_events_is_hybrid":"","_tribe_events_is_virtual":"","_tribe_events_virtual_video_source":"","_tribe_events_virtual_embed_video":"","_tribe_events_virtual_linked_button_text":"","_tribe_events_virtual_linked_button":"","_tribe_events_virtual_show_embed_at":"","_tribe_events_virtual_show_embed_to":[],"_tribe_events_virtual_show_on_event":"","_tribe_events_virtual_show_on_views":"","_tribe_events_virtual_url":"","footnotes":""},"tags":[],"tribe_events_cat":[33],"class_list":["post-9365","tribe_events","type-tribe_events","status-publish","hentry","tribe_events_cat-ordem-divulga","cat_ordem-divulga"],"_links":{"self":[{"href":"https:\/\/ordemdosfisioterapeutas.pt\/pt\/wp-json\/wp\/v2\/tribe_events\/9365","targetHints":{"allow":["GET"]}}],"collection":[{"href":"https:\/\/ordemdosfisioterapeutas.pt\/pt\/wp-json\/wp\/v2\/tribe_events"}],"about":[{"href":"https:\/\/ordemdosfisioterapeutas.pt\/pt\/wp-json\/wp\/v2\/types\/tribe_events"}],"author":[{"embeddable":true,"href":"https:\/\/ordemdosfisioterapeutas.pt\/pt\/wp-json\/wp\/v2\/users\/1"}],"version-history":[{"count":0,"href":"https:\/\/ordemdosfisioterapeutas.pt\/pt\/wp-json\/wp\/v2\/tribe_events\/9365\/revisions"}],"wp:attachment":[{"href":"https:\/\/ordemdosfisioterapeutas.pt\/pt\/wp-json\/wp\/v2\/media?parent=9365"}],"wp:term":[{"taxonomy":"post_tag","embeddable":true,"href":"https:\/\/ordemdosfisioterapeutas.pt\/pt\/wp-json\/wp\/v2\/tags?post=9365"},{"taxonomy":"tribe_events_cat","embeddable":true,"href":"https:\/\/ordemdosfisioterapeutas.pt\/pt\/wp-json\/wp\/v2\/tribe_events_cat?post=9365"}],"curies":[{"name":"wp","href":"https:\/\/api.w.org\/{rel}","templated":true}]}}

Webinar &#8220;Avaliação do Risco &#8211; uma ferramenta importante para a Fisioterapia&#8221;

<p>Este evento, organizado pela Ordem dos Fisioterapeutas, conta com a presença do Grupo de Trabalho da Segurança do Doente e de um nome de referência na Segurança do Doente o Consultor na área da Segurança do Doente e da Qualidade em Saúde da Direção-Geral da Saúde , o enfermeiro Fernando Barroso.</p>
