{"id":10503,"date":"2025-06-08T21:44:27","date_gmt":"2025-06-08T20:44:27","guid":{"rendered":"https:\/\/ordemdosfisioterapeutas.pt\/?post_type=tribe_events&#038;p=10503"},"modified":"2025-06-08T21:44:27","modified_gmt":"2025-06-08T20:44:27","slug":"forum-o-futuro-da-investigacao-em-cuidados-de-saude-primarios-em-portugal","status":"publish","type":"tribe_events","link":"https:\/\/ordemdosfisioterapeutas.pt\/pt\/agenda\/forum-o-futuro-da-investigacao-em-cuidados-de-saude-primarios-em-portugal\/","title":{"rendered":"F\u00f3rum &#8220;O Futuro da Investiga\u00e7\u00e3o em Cuidados de Sa\u00fade Prim\u00e1rios em Portugal&#8221;"},"content":{"rendered":"<p>Ordem dos Fisioterapeutas representada pelo Vice-Presidente da Dire\u00e7\u00e3o Nuno Cordeiro<\/p>\n","protected":false},"excerpt":{"rendered":"<p>Ordem dos Fisioterapeutas representada pelo Vice-Presidente da Dire\u00e7\u00e3o Nuno Cordeiro<\/p>\n","protected":false},"author":1,"featured_media":0,"template":"","meta":{"_tribe_events_status":"","_tribe_events_status_reason":"","_tribe_events_is_hybrid":"","_tribe_events_is_virtual":"","_tribe_events_virtual_video_source":"","_tribe_events_virtual_embed_video":"","_tribe_events_virtual_linked_button_text":"","_tribe_events_virtual_linked_button":"","_tribe_events_virtual_show_embed_at":"","_tribe_events_virtual_show_embed_to":[],"_tribe_events_virtual_show_on_event":"","_tribe_events_virtual_show_on_views":"","_tribe_events_virtual_url":"","footnotes":""},"tags":[],"tribe_events_cat":[32],"class_list":["post-10503","tribe_events","type-tribe_events","status-publish","hentry","tribe_events_cat-ordem-participa","cat_ordem-participa"],"_links":{"self":[{"href":"https:\/\/ordemdosfisioterapeutas.pt\/pt\/wp-json\/wp\/v2\/tribe_events\/10503","targetHints":{"allow":["GET"]}}],"collection":[{"href":"https:\/\/ordemdosfisioterapeutas.pt\/pt\/wp-json\/wp\/v2\/tribe_events"}],"about":[{"href":"https:\/\/ordemdosfisioterapeutas.pt\/pt\/wp-json\/wp\/v2\/types\/tribe_events"}],"author":[{"embeddable":true,"href":"https:\/\/ordemdosfisioterapeutas.pt\/pt\/wp-json\/wp\/v2\/users\/1"}],"version-history":[{"count":0,"href":"https:\/\/ordemdosfisioterapeutas.pt\/pt\/wp-json\/wp\/v2\/tribe_events\/10503\/revisions"}],"wp:attachment":[{"href":"https:\/\/ordemdosfisioterapeutas.pt\/pt\/wp-json\/wp\/v2\/media?parent=10503"}],"wp:term":[{"taxonomy":"post_tag","embeddable":true,"href":"https:\/\/ordemdosfisioterapeutas.pt\/pt\/wp-json\/wp\/v2\/tags?post=10503"},{"taxonomy":"tribe_events_cat","embeddable":true,"href":"https:\/\/ordemdosfisioterapeutas.pt\/pt\/wp-json\/wp\/v2\/tribe_events_cat?post=10503"}],"curies":[{"name":"wp","href":"https:\/\/api.w.org\/{rel}","templated":true}]}}

Fórum &#8220;O Futuro da Investigação em Cuidados de Saúde Primários em Portugal&#8221;

<p>Ordem dos Fisioterapeutas representada pelo Vice-Presidente da Direção Nuno Cordeiro</p>
