{"id":4687,"date":"2022-06-20T09:54:35","date_gmt":"2022-06-20T08:54:35","guid":{"rendered":"https:\/\/ordemdosfisioterapeutas.pt\/?page_id=4687"},"modified":"2022-06-29T12:49:47","modified_gmt":"2022-06-29T11:49:47","slug":"seguro-de-responsabilidade-civil-profissional","status":"publish","type":"page","link":"https:\/\/ordemdosfisioterapeutas.pt\/pt\/seguro-de-responsabilidade-civil-profissional\/","title":{"rendered":"Seguro de Responsabilidade Civil Profissional"},"content":{"rendered":"\t\t<div data-elementor-type=\"wp-page\" data-elementor-id=\"4687\" class=\"elementor elementor-4687\" data-elementor-post-type=\"page\">\n\t\t\t\t\t\t<section class=\"elementor-section elementor-top-section elementor-element elementor-element-7b9e29a elementor-section-boxed elementor-section-height-default elementor-section-height-default\" data-id=\"7b9e29a\" data-element_type=\"section\" data-e-type=\"section\">\n\t\t\t\t\t\t<div class=\"elementor-container elementor-column-gap-default\">\n\t\t\t\t\t<div class=\"elementor-column elementor-col-100 elementor-top-column elementor-element elementor-element-0e65b6c\" data-id=\"0e65b6c\" data-element_type=\"column\" data-e-type=\"column\">\n\t\t\t<div class=\"elementor-widget-wrap elementor-element-populated\">\n\t\t\t\t\t\t<div class=\"elementor-element elementor-element-749c0b6 elementor-widget elementor-widget-text-editor\" data-id=\"749c0b6\" data-element_type=\"widget\" data-e-type=\"widget\" data-widget_type=\"text-editor.default\">\n\t\t\t\t<div class=\"elementor-widget-container\">\n\t\t\t\t\t\t\t\t\t<p>J\u00e1 se encontra em vigor o seguro de responsabilidade civil profissional,\u00a0na sequ\u00eancia do <a href=\"https:\/\/ordemdosfisioterapeutas.pt\/concursos\/\" target=\"_blank\" rel=\"noopener\"><u>concurso p\u00fablico <\/u><\/a>promovido pela Ordem dos Fisioterapeutas. A proposta vencedora da Fidelidade &#8211; Companhia de Seguros S.A., a ser executada pela Willis, Corretores de Seguros S.A., oferece condi\u00e7\u00f5es e garantias espec\u00edficas para todos os Fisioterapeutas inscritos na Ordem, que n\u00e3o tenham a sua inscri\u00e7\u00e3o suspensa ou cancelada. Pode consultar a ap\u00f3lice e as Perguntas Frequentes sobre o seguro de responsabilidade civil profissional na <span style=\"text-decoration: underline;\"><a href=\"https:\/\/portal.ordemdosfisioterapeutas.pt\/\" target=\"_blank\" rel=\"noopener\">\u00e1rea reservada<\/a><\/span>. \u00a0<\/p><p>Com a execu\u00e7\u00e3o deste seguro, a Ordem responde assim \u00e0\u00a0obrigatoriedade legal de todos os membros terem um seguro de responsabilidade\u00a0civil e mant\u00e9m-se\u00a0empenhada na constru\u00e7\u00e3o dos alicerces de uma Ordem dos Fisioterapeutas\u00a0forte, que regule a profiss\u00e3o e represente os seus profissionais, protegendo\u00a0igualmente\u00a0os utilizadores dos servi\u00e7os de fisioterapia.\u00a0<\/p>\t\t\t\t\t\t\t\t<\/div>\n\t\t\t\t<\/div>\n\t\t\t\t\t<\/div>\n\t\t<\/div>\n\t\t\t\t\t<\/div>\n\t\t<\/section>\n\t\t\t\t<\/div>\n\t\t","protected":false},"excerpt":{"rendered":"<p>J\u00e1 se encontra em vigor o seguro de responsabilidade civil profissional,\u00a0na sequ\u00eancia do concurso p\u00fablico promovido pela Ordem dos Fisioterapeutas. A proposta vencedora da Fidelidade &#8211; Companhia de Seguros S.A., a ser executada pela Willis, Corretores de Seguros S.A., oferece condi\u00e7\u00f5es e garantias espec\u00edficas para todos os Fisioterapeutas inscritos na Ordem, que n\u00e3o tenham a &#8230; <a title=\"Seguro de Responsabilidade Civil Profissional\" class=\"read-more\" href=\"https:\/\/ordemdosfisioterapeutas.pt\/pt\/seguro-de-responsabilidade-civil-profissional\/\" aria-label=\"Leia mais sobre Seguro de Responsabilidade Civil Profissional\">Ler mais<\/a><\/p>\n","protected":false},"author":1,"featured_media":0,"parent":0,"menu_order":0,"comment_status":"closed","ping_status":"closed","template":"","meta":{"footnotes":""},"class_list":["post-4687","page","type-page","status-publish"],"_links":{"self":[{"href":"https:\/\/ordemdosfisioterapeutas.pt\/pt\/wp-json\/wp\/v2\/pages\/4687","targetHints":{"allow":["GET"]}}],"collection":[{"href":"https:\/\/ordemdosfisioterapeutas.pt\/pt\/wp-json\/wp\/v2\/pages"}],"about":[{"href":"https:\/\/ordemdosfisioterapeutas.pt\/pt\/wp-json\/wp\/v2\/types\/page"}],"author":[{"embeddable":true,"href":"https:\/\/ordemdosfisioterapeutas.pt\/pt\/wp-json\/wp\/v2\/users\/1"}],"replies":[{"embeddable":true,"href":"https:\/\/ordemdosfisioterapeutas.pt\/pt\/wp-json\/wp\/v2\/comments?post=4687"}],"version-history":[{"count":0,"href":"https:\/\/ordemdosfisioterapeutas.pt\/pt\/wp-json\/wp\/v2\/pages\/4687\/revisions"}],"wp:attachment":[{"href":"https:\/\/ordemdosfisioterapeutas.pt\/pt\/wp-json\/wp\/v2\/media?parent=4687"}],"curies":[{"name":"wp","href":"https:\/\/api.w.org\/{rel}","templated":true}]}}

<div data-elementor-type="wp-page" data-elementor-id="4687" class="elementor elementor-4687" data-elementor-post-type="page">
						<section class="elementor-section elementor-top-section elementor-element elementor-element-7b9e29a elementor-section-boxed elementor-section-height-default elementor-section-height-default" data-id="7b9e29a" data-element_type="section" data-e-type="section">
						<div class="elementor-container elementor-column-gap-default">
					<div class="elementor-column elementor-col-100 elementor-top-column elementor-element elementor-element-0e65b6c" data-id="0e65b6c" data-element_type="column" data-e-type="column">
			<div class="elementor-widget-wrap elementor-element-populated">
						<div class="elementor-element elementor-element-749c0b6 elementor-widget elementor-widget-text-editor" data-id="749c0b6" data-element_type="widget" data-e-type="widget" data-widget_type="text-editor.default">
				<div class="elementor-widget-container">
									<p>Já se encontra em vigor o seguro de responsabilidade civil profissional, na sequência do <a href="https://ordemdosfisioterapeutas.pt/concursos/" target="_blank" rel="noopener"><u>concurso público </u></a>promovido pela Ordem dos Fisioterapeutas. A proposta vencedora da Fidelidade &#8211; Companhia de Seguros S.A., a ser executada pela Willis, Corretores de Seguros S.A., oferece condições e garantias específicas para todos os Fisioterapeutas inscritos na Ordem, que não tenham a sua inscrição suspensa ou cancelada. Pode consultar a apólice e as Perguntas Frequentes sobre o seguro de responsabilidade civil profissional na <span style="text-decoration: underline;"><a href="https://portal.ordemdosfisioterapeutas.pt/" target="_blank" rel="noopener">área reservada</a></span>.  </p><p>Com a execução deste seguro, a Ordem responde assim à obrigatoriedade legal de todos os membros terem um seguro de responsabilidade civil e mantém-se empenhada na construção dos alicerces de uma Ordem dos Fisioterapeutas forte, que regule a profissão e represente os seus profissionais, protegendo igualmente os utilizadores dos serviços de fisioterapia. </p>								</div>
				</div>
					</div>
		</div>
					</div>
		</section>
				</div>

<p>Já se encontra em vigor o seguro de responsabilidade civil profissional, na sequência do concurso público promovido pela Ordem dos Fisioterapeutas. A proposta vencedora da Fidelidade &#8211; Companhia de Seguros S.A., a ser executada pela Willis, Corretores de Seguros S.A., oferece condições e garantias específicas para todos os Fisioterapeutas inscritos na Ordem, que não tenham a &#8230; <a title="Seguro de Responsabilidade Civil Profissional" class="read-more" href="https://ordemdosfisioterapeutas.pt/pt/seguro-de-responsabilidade-civil-profissional/" aria-label="Leia mais sobre Seguro de Responsabilidade Civil Profissional">Ler mais</a></p>
