{"id":4476,"date":"2022-05-23T15:45:31","date_gmt":"2022-05-23T14:45:31","guid":{"rendered":"https:\/\/ordemdosfisioterapeutas.pt\/?page_id=4476"},"modified":"2025-04-16T15:08:34","modified_gmt":"2025-04-16T14:08:34","slug":"dados-demograficos-dos-membros","status":"publish","type":"page","link":"https:\/\/ordemdosfisioterapeutas.pt\/pt\/dados-demograficos-dos-membros\/","title":{"rendered":"Dados Demogr\u00e1ficos dos Membros\u00a0"},"content":{"rendered":"\t\t<div data-elementor-type=\"wp-page\" data-elementor-id=\"4476\" class=\"elementor elementor-4476\" data-elementor-post-type=\"page\">\n\t\t\t\t<div class=\"elementor-element elementor-element-8431d2e e-flex e-con-boxed e-con e-parent\" data-id=\"8431d2e\" data-element_type=\"container\" data-e-type=\"container\">\n\t\t\t\t\t<div class=\"e-con-inner\">\n\t\t\t\t<div class=\"elementor-element elementor-element-d3b6bc8 elementor-widget elementor-widget-text-editor\" data-id=\"d3b6bc8\" data-element_type=\"widget\" data-e-type=\"widget\" data-widget_type=\"text-editor.default\">\n\t\t\t\t<div class=\"elementor-widget-container\">\n\t\t\t\t\t\t\t\t\t<p>J\u00e1 est\u00e1 dispon\u00edvel um novo dashboard interativo com os dados demogr\u00e1ficos atualizados dos fisioterapeutas.<br \/>Clique na imagem ou <span style=\"text-decoration: underline;\"><a href=\"https:\/\/ofisiterapeutas.maps.arcgis.com\/apps\/dashboards\/cac90de751d548ca91ecffe161688d47\" data-wplink-edit=\"true\" target=\"_blank\" rel=\"noopener\">aqui<\/a><\/span> para aceder e explorar os dados por g\u00e9nero, faixa et\u00e1ria, distribui\u00e7\u00e3o geogr\u00e1fica e muito mais.<\/p>\t\t\t\t\t\t\t\t<\/div>\n\t\t\t\t<\/div>\n\t\t\t\t<div class=\"elementor-element elementor-element-6d3b1a7 elementor-widget elementor-widget-image\" data-id=\"6d3b1a7\" data-element_type=\"widget\" data-e-type=\"widget\" data-widget_type=\"image.default\">\n\t\t\t\t<div class=\"elementor-widget-container\">\n\t\t\t\t\t\t\t\t\t\t\t\t\t\t\t\t<a href=\"https:\/\/ofisiterapeutas.maps.arcgis.com\/apps\/dashboards\/cac90de751d548ca91ecffe161688d47\" target=\"_blank\" rel=\"noopener\">\n\t\t\t\t\t\t\t<img fetchpriority=\"high\" decoding=\"async\" width=\"855\" height=\"459\" src=\"https:\/\/ordemdosfisioterapeutas.pt\/wp-content\/uploads\/2025\/04\/dashboard_WebP.webp\" class=\"attachment-large size-large wp-image-10249\" alt=\"\" srcset=\"https:\/\/ordemdosfisioterapeutas.pt\/wp-content\/uploads\/2025\/04\/dashboard_WebP.webp 1000w, https:\/\/ordemdosfisioterapeutas.pt\/wp-content\/uploads\/2025\/04\/dashboard_WebP-300x161.webp 300w, https:\/\/ordemdosfisioterapeutas.pt\/wp-content\/uploads\/2025\/04\/dashboard_WebP-768x412.webp 768w, https:\/\/ordemdosfisioterapeutas.pt\/wp-content\/uploads\/2025\/04\/dashboard_WebP-18x10.webp 18w\" sizes=\"(max-width: 855px) 100vw, 855px\" \/>\t\t\t\t\t\t\t\t<\/a>\n\t\t\t\t\t\t\t\t\t\t\t\t\t\t\t<\/div>\n\t\t\t\t<\/div>\n\t\t\t\t\t<\/div>\n\t\t\t\t<\/div>\n\t\t\t\t<\/div>\n\t\t","protected":false},"excerpt":{"rendered":"<p>J\u00e1 est\u00e1 dispon\u00edvel um novo dashboard interativo com os dados demogr\u00e1ficos atualizados dos fisioterapeutas.Clique na imagem ou aqui para aceder e explorar os dados por g\u00e9nero, faixa et\u00e1ria, distribui\u00e7\u00e3o geogr\u00e1fica e muito mais.<\/p>\n","protected":false},"author":1,"featured_media":0,"parent":0,"menu_order":0,"comment_status":"closed","ping_status":"closed","template":"","meta":{"footnotes":""},"class_list":["post-4476","page","type-page","status-publish"],"_links":{"self":[{"href":"https:\/\/ordemdosfisioterapeutas.pt\/pt\/wp-json\/wp\/v2\/pages\/4476","targetHints":{"allow":["GET"]}}],"collection":[{"href":"https:\/\/ordemdosfisioterapeutas.pt\/pt\/wp-json\/wp\/v2\/pages"}],"about":[{"href":"https:\/\/ordemdosfisioterapeutas.pt\/pt\/wp-json\/wp\/v2\/types\/page"}],"author":[{"embeddable":true,"href":"https:\/\/ordemdosfisioterapeutas.pt\/pt\/wp-json\/wp\/v2\/users\/1"}],"replies":[{"embeddable":true,"href":"https:\/\/ordemdosfisioterapeutas.pt\/pt\/wp-json\/wp\/v2\/comments?post=4476"}],"version-history":[{"count":0,"href":"https:\/\/ordemdosfisioterapeutas.pt\/pt\/wp-json\/wp\/v2\/pages\/4476\/revisions"}],"wp:attachment":[{"href":"https:\/\/ordemdosfisioterapeutas.pt\/pt\/wp-json\/wp\/v2\/media?parent=4476"}],"curies":[{"name":"wp","href":"https:\/\/api.w.org\/{rel}","templated":true}]}}

Dados Demográficos dos Membros

<div data-elementor-type="wp-page" data-elementor-id="4476" class="elementor elementor-4476" data-elementor-post-type="page">
				<div class="elementor-element elementor-element-8431d2e e-flex e-con-boxed e-con e-parent" data-id="8431d2e" data-element_type="container" data-e-type="container">
					<div class="e-con-inner">
				<div class="elementor-element elementor-element-d3b6bc8 elementor-widget elementor-widget-text-editor" data-id="d3b6bc8" data-element_type="widget" data-e-type="widget" data-widget_type="text-editor.default">
				<div class="elementor-widget-container">
									<p>Já está disponível um novo dashboard interativo com os dados demográficos atualizados dos fisioterapeutas.<br />Clique na imagem ou <span style="text-decoration: underline;"><a href="https://ofisiterapeutas.maps.arcgis.com/apps/dashboards/cac90de751d548ca91ecffe161688d47" data-wplink-edit="true" target="_blank" rel="noopener">aqui</a></span> para aceder e explorar os dados por género, faixa etária, distribuição geográfica e muito mais.</p>								</div>
				</div>
				<div class="elementor-element elementor-element-6d3b1a7 elementor-widget elementor-widget-image" data-id="6d3b1a7" data-element_type="widget" data-e-type="widget" data-widget_type="image.default">
				<div class="elementor-widget-container">
																<a href="https://ofisiterapeutas.maps.arcgis.com/apps/dashboards/cac90de751d548ca91ecffe161688d47" target="_blank" rel="noopener">
							<img fetchpriority="high" decoding="async" width="855" height="459" src="https://ordemdosfisioterapeutas.pt/wp-content/uploads/2025/04/dashboard_WebP.webp" class="attachment-large size-large wp-image-10249" alt="" srcset="https://ordemdosfisioterapeutas.pt/wp-content/uploads/2025/04/dashboard_WebP.webp 1000w, https://ordemdosfisioterapeutas.pt/wp-content/uploads/2025/04/dashboard_WebP-300x161.webp 300w, https://ordemdosfisioterapeutas.pt/wp-content/uploads/2025/04/dashboard_WebP-768x412.webp 768w, https://ordemdosfisioterapeutas.pt/wp-content/uploads/2025/04/dashboard_WebP-18x10.webp 18w" sizes="(max-width: 855px) 100vw, 855px" />								</a>
															</div>
				</div>
					</div>
				</div>
				</div>

<p>Já está disponível um novo dashboard interativo com os dados demográficos atualizados dos fisioterapeutas.Clique na imagem ou aqui para aceder e explorar os dados por género, faixa etária, distribuição geográfica e muito mais.</p>
