{"id":10997,"date":"2025-07-27T20:08:26","date_gmt":"2025-07-27T19:08:26","guid":{"rendered":"https:\/\/ordemdosfisioterapeutas.pt\/local\/anfiteatro-da-escola-superior-tecnologias-da-saude-de-lisboa\/"},"modified":"2025-07-27T20:08:26","modified_gmt":"2025-07-27T19:08:26","slug":"anfiteatro-da-escola-superior-tecnologias-da-saude-de-lisboa","status":"publish","type":"tribe_venue","link":"https:\/\/ordemdosfisioterapeutas.pt\/fr\/lieu\/anfiteatro-da-escola-superior-tecnologias-da-saude-de-lisboa\/","title":{"rendered":"Amphith\u00e9\u00e2tre de l'\u00e9cole des technologies de la sant\u00e9 de Lisbonne"},"content":{"rendered":"","protected":false},"excerpt":{"rendered":"","protected":false},"author":1,"featured_media":0,"template":"","meta":{"footnotes":""},"class_list":["post-10997","tribe_venue","type-tribe_venue","status-publish","hentry"],"_links":{"self":[{"href":"https:\/\/ordemdosfisioterapeutas.pt\/fr\/wp-json\/wp\/v2\/tribe_venue\/10997","targetHints":{"allow":["GET"]}}],"collection":[{"href":"https:\/\/ordemdosfisioterapeutas.pt\/fr\/wp-json\/wp\/v2\/tribe_venue"}],"about":[{"href":"https:\/\/ordemdosfisioterapeutas.pt\/fr\/wp-json\/wp\/v2\/types\/tribe_venue"}],"author":[{"embeddable":true,"href":"https:\/\/ordemdosfisioterapeutas.pt\/fr\/wp-json\/wp\/v2\/users\/1"}],"version-history":[{"count":0,"href":"https:\/\/ordemdosfisioterapeutas.pt\/fr\/wp-json\/wp\/v2\/tribe_venue\/10997\/revisions"}],"wp:attachment":[{"href":"https:\/\/ordemdosfisioterapeutas.pt\/fr\/wp-json\/wp\/v2\/media?parent=10997"}],"curies":[{"name":"wp","href":"https:\/\/api.w.org\/{rel}","templated":true}]}}

Amphithéâtre de l'école des technologies de la santé de Lisbonne
