{"id":4687,"date":"2022-06-20T09:54:35","date_gmt":"2022-06-20T08:54:35","guid":{"rendered":"https:\/\/ordemdosfisioterapeutas.pt\/?page_id=4687"},"modified":"2022-06-29T12:49:47","modified_gmt":"2022-06-29T11:49:47","slug":"seguro-de-responsabilidade-civil-profissional","status":"publish","type":"page","link":"https:\/\/ordemdosfisioterapeutas.pt\/fr\/seguro-de-responsabilidade-civil-profissional\/","title":{"rendered":"Assurance responsabilit\u00e9 civile professionnelle"},"content":{"rendered":"<div data-elementor-type=\"wp-page\" data-elementor-id=\"4687\" class=\"elementor elementor-4687\" data-elementor-post-type=\"page\">\n\t\t\t\t\t\t<section class=\"elementor-section elementor-top-section elementor-element elementor-element-7b9e29a elementor-section-boxed elementor-section-height-default elementor-section-height-default\" data-id=\"7b9e29a\" data-element_type=\"section\" data-e-type=\"section\">\n\t\t\t\t\t\t<div class=\"elementor-container elementor-column-gap-default\">\n\t\t\t\t\t<div class=\"elementor-column elementor-col-100 elementor-top-column elementor-element elementor-element-0e65b6c\" data-id=\"0e65b6c\" data-element_type=\"column\" data-e-type=\"column\">\n\t\t\t<div class=\"elementor-widget-wrap elementor-element-populated\">\n\t\t\t\t\t\t<div class=\"elementor-element elementor-element-749c0b6 elementor-widget elementor-widget-text-editor\" data-id=\"749c0b6\" data-element_type=\"widget\" data-e-type=\"widget\" data-widget_type=\"text-editor.default\">\n\t\t\t\t<div class=\"elementor-widget-container\">\n\t\t\t\t\t\t\t\t\t<p>L'assurance responsabilit\u00e9 civile professionnelle est d\u00e9j\u00e0 en vigueur, suite \u00e0 la <a href=\"https:\/\/ordemdosfisioterapeutas.pt\/fr\/concursos\/\" target=\"_blank\" rel=\"noopener\"><u>appel d'offres public <\/u><\/a>promu par l'Ordre des physioth\u00e9rapeutes. La proposition gagnante de Fidelidade - Companhia de Seguros S.A., qui sera ex\u00e9cut\u00e9e par Willis, Corretores de Seguros S.A., offre des conditions et des garanties sp\u00e9cifiques pour tous les physioth\u00e9rapeutes inscrits \u00e0 l'Ordre, dont l'inscription n'est pas suspendue ou annul\u00e9e. Vous pouvez consulter la police et les questions fr\u00e9quemment pos\u00e9es sur l'assurance responsabilit\u00e9 professionnelle \u00e0 l'adresse suivante <span style=\"text-decoration: underline;\"><a href=\"https:\/\/portal.ordemdosfisioterapeutas.pt\/\" target=\"_blank\" rel=\"noopener\">zone r\u00e9serv\u00e9e<\/a><\/span>. \u00a0<\/p><p>Avec l'ex\u00e9cution de cette assurance, l'Ordre r\u00e9pond \u00e0 l'obligation l\u00e9gale de tous les membres d'avoir une assurance responsabilit\u00e9 civile et reste engag\u00e9 \u00e0 construire les bases d'un Ordre des physioth\u00e9rapeutes fort, qui r\u00e9glemente la profession et repr\u00e9sente ses professionnels, prot\u00e9geant \u00e9galement les utilisateurs des services de physioth\u00e9rapie.\u00a0<\/p>\t\t\t\t\t\t\t\t<\/div>\n\t\t\t\t<\/div>\n\t\t\t\t\t<\/div>\n\t\t<\/div>\n\t\t\t\t\t<\/div>\n\t\t<\/section>\n\t\t\t\t<\/div>","protected":false},"excerpt":{"rendered":"<p>J\u00e1 se encontra em vigor o seguro de responsabilidade civil profissional,\u00a0na sequ\u00eancia do concurso p\u00fablico promovido pela Ordem dos Fisioterapeutas. A proposta vencedora da Fidelidade &#8211; Companhia de Seguros S.A., a ser executada pela Willis, Corretores de Seguros S.A., oferece condi\u00e7\u00f5es e garantias espec\u00edficas para todos os Fisioterapeutas inscritos na Ordem, que n\u00e3o tenham a &#8230; <a title=\"Assurance responsabilit\u00e9 civile professionnelle\" class=\"read-more\" href=\"https:\/\/ordemdosfisioterapeutas.pt\/fr\/seguro-de-responsabilidade-civil-profissional\/\" aria-label=\"En savoir plus sur Seguro de Responsabilidade Civil Profissional\">En savoir plus<\/a><\/p>","protected":false},"author":1,"featured_media":0,"parent":0,"menu_order":0,"comment_status":"closed","ping_status":"closed","template":"","meta":{"footnotes":""},"class_list":["post-4687","page","type-page","status-publish"],"_links":{"self":[{"href":"https:\/\/ordemdosfisioterapeutas.pt\/fr\/wp-json\/wp\/v2\/pages\/4687","targetHints":{"allow":["GET"]}}],"collection":[{"href":"https:\/\/ordemdosfisioterapeutas.pt\/fr\/wp-json\/wp\/v2\/pages"}],"about":[{"href":"https:\/\/ordemdosfisioterapeutas.pt\/fr\/wp-json\/wp\/v2\/types\/page"}],"author":[{"embeddable":true,"href":"https:\/\/ordemdosfisioterapeutas.pt\/fr\/wp-json\/wp\/v2\/users\/1"}],"replies":[{"embeddable":true,"href":"https:\/\/ordemdosfisioterapeutas.pt\/fr\/wp-json\/wp\/v2\/comments?post=4687"}],"version-history":[{"count":0,"href":"https:\/\/ordemdosfisioterapeutas.pt\/fr\/wp-json\/wp\/v2\/pages\/4687\/revisions"}],"wp:attachment":[{"href":"https:\/\/ordemdosfisioterapeutas.pt\/fr\/wp-json\/wp\/v2\/media?parent=4687"}],"curies":[{"name":"wp","href":"https:\/\/api.w.org\/{rel}","templated":true}]}}

Assurance responsabilité civile professionnelle

<div data-elementor-type="wp-page" data-elementor-id="4687" class="elementor elementor-4687" data-elementor-post-type="page">
						<section class="elementor-section elementor-top-section elementor-element elementor-element-7b9e29a elementor-section-boxed elementor-section-height-default elementor-section-height-default" data-id="7b9e29a" data-element_type="section" data-e-type="section">
						<div class="elementor-container elementor-column-gap-default">
					<div class="elementor-column elementor-col-100 elementor-top-column elementor-element elementor-element-0e65b6c" data-id="0e65b6c" data-element_type="column" data-e-type="column">
			<div class="elementor-widget-wrap elementor-element-populated">
						<div class="elementor-element elementor-element-749c0b6 elementor-widget elementor-widget-text-editor" data-id="749c0b6" data-element_type="widget" data-e-type="widget" data-widget_type="text-editor.default">
				<div class="elementor-widget-container">
									<p>L'assurance responsabilité civile professionnelle est déjà en vigueur, suite à la <a href="https://ordemdosfisioterapeutas.pt/fr/concursos/" target="_blank" rel="noopener"><u>appel d'offres public </u></a>promu par l'Ordre des physiothérapeutes. La proposition gagnante de Fidelidade - Companhia de Seguros S.A., qui sera exécutée par Willis, Corretores de Seguros S.A., offre des conditions et des garanties spécifiques pour tous les physiothérapeutes inscrits à l'Ordre, dont l'inscription n'est pas suspendue ou annulée. Vous pouvez consulter la police et les questions fréquemment posées sur l'assurance responsabilité professionnelle à l'adresse suivante <span style="text-decoration: underline;"><a href="https://portal.ordemdosfisioterapeutas.pt/" target="_blank" rel="noopener">zone réservée</a></span>.  </p><p>Avec l'exécution de cette assurance, l'Ordre répond à l'obligation légale de tous les membres d'avoir une assurance responsabilité civile et reste engagé à construire les bases d'un Ordre des physiothérapeutes fort, qui réglemente la profession et représente ses professionnels, protégeant également les utilisateurs des services de physiothérapie. </p>								</div>
				</div>
					</div>
		</div>
					</div>
		</section>
				</div>

<p>Já se encontra em vigor o seguro de responsabilidade civil profissional, na sequência do concurso público promovido pela Ordem dos Fisioterapeutas. A proposta vencedora da Fidelidade &#8211; Companhia de Seguros S.A., a ser executada pela Willis, Corretores de Seguros S.A., oferece condições e garantias específicas para todos os Fisioterapeutas inscritos na Ordem, que não tenham a &#8230; <a title="Assurance responsabilité civile professionnelle" class="read-more" href="https://ordemdosfisioterapeutas.pt/fr/seguro-de-responsabilidade-civil-profissional/" aria-label="En savoir plus sur Seguro de Responsabilidade Civil Profissional">En savoir plus</a></p>
