{"id":10684,"date":"2025-07-06T19:48:19","date_gmt":"2025-07-06T18:48:19","guid":{"rendered":"https:\/\/ordemdosfisioterapeutas.pt\/?page_id=10684"},"modified":"2026-04-09T21:16:46","modified_gmt":"2026-04-09T20:16:46","slug":"meo","status":"publish","type":"page","link":"https:\/\/ordemdosfisioterapeutas.pt\/fr\/meo\/","title":{"rendered":"MEO"},"content":{"rendered":"<div data-elementor-type=\"wp-page\" data-elementor-id=\"10684\" class=\"elementor elementor-10684\" data-elementor-post-type=\"page\">\n\t\t\t\t<div class=\"elementor-element elementor-element-9d3bc52 e-grid e-con-boxed e-con e-parent\" data-id=\"9d3bc52\" data-element_type=\"container\" data-e-type=\"container\">\n\t\t\t\t\t<div class=\"e-con-inner\">\n\t\t\t\t<div class=\"elementor-element elementor-element-4af41899 elementor-widget elementor-widget-image\" data-id=\"4af41899\" data-element_type=\"widget\" data-e-type=\"widget\" data-widget_type=\"image.default\">\n\t\t\t\t<div class=\"elementor-widget-container\">\n\t\t\t\t\t\t\t\t\t\t\t\t\t\t\t<img decoding=\"async\" src=\"https:\/\/ordemdosfisioterapeutas.pt\/wp-content\/uploads\/elementor\/thumbs\/logo__0006_meo-1-r8dfjbcnkv3alyhxvhm88bxews33ezd4fz267ukr28.png\" title=\"logo__0006_meo-1.png\" alt=\"logo__0006_meo-1.png\" loading=\"lazy\" \/>\t\t\t\t\t\t\t\t\t\t\t\t\t\t\t<\/div>\n\t\t\t\t<\/div>\n\t\t\t\t<div class=\"elementor-element elementor-element-42b65e6 elementor-widget elementor-widget-image\" data-id=\"42b65e6\" data-element_type=\"widget\" data-e-type=\"widget\" data-widget_type=\"image.default\">\n\t\t\t\t<div class=\"elementor-widget-container\">\n\t\t\t\t\t\t\t\t\t\t\t\t\t\t\t<img decoding=\"async\" src=\"https:\/\/ordemdosfisioterapeutas.pt\/wp-content\/uploads\/elementor\/thumbs\/parcerias-r1e5sfsz0l2px9fc2vf1dqmethbbh5ts4btblfpj40.png\" title=\"partenariats.png\" alt=\"parcerias.png\" loading=\"lazy\" \/>\t\t\t\t\t\t\t\t\t\t\t\t\t\t\t<\/div>\n\t\t\t\t<\/div>\n\t\t\t\t\t<\/div>\n\t\t\t\t<\/div>\n\t\t<div class=\"elementor-element elementor-element-266d1bcb e-flex e-con-boxed e-con e-parent\" data-id=\"266d1bcb\" data-element_type=\"container\" data-e-type=\"container\">\n\t\t\t\t\t<div class=\"e-con-inner\">\n\t\t\t\t<div class=\"elementor-element elementor-element-5e4fbff0 elementor-widget elementor-widget-heading\" data-id=\"5e4fbff0\" data-element_type=\"widget\" data-e-type=\"widget\" data-widget_type=\"heading.default\">\n\t\t\t\t<div class=\"elementor-widget-container\">\n\t\t\t\t\t<h2 class=\"elementor-heading-title elementor-size-default\">Description<\/h2>\t\t\t\t<\/div>\n\t\t\t\t<\/div>\n\t\t\t\t<div class=\"elementor-element elementor-element-40492fbe elementor-widget elementor-widget-text-editor\" data-id=\"40492fbe\" data-element_type=\"widget\" data-e-type=\"widget\" data-widget_type=\"text-editor.default\">\n\t\t\t\t<div class=\"elementor-widget-container\">\n\t\t\t\t\t\t\t\t\t<p>MEO est l'une des principales entreprises de t\u00e9l\u00e9communications au Portugal, offrant des services de t\u00e9l\u00e9vision, d'internet, de t\u00e9l\u00e9phonie et des solutions professionnelles. Reconnue pour son innovation, la qualit\u00e9 de son r\u00e9seau et sa proximit\u00e9 avec ses clients, elle s'engage en faveur de la modernisation num\u00e9rique et de la responsabilit\u00e9 sociale. MEO contribue au d\u00e9veloppement \u00e9conomique, personnel et professionnel de la soci\u00e9t\u00e9. En mettant l'accent sur la durabilit\u00e9 et l'inclusion num\u00e9rique, elle vise \u00e0 \u00e9largir sa client\u00e8le, renfor\u00e7ant le r\u00f4le central des communications \u00e9lectroniques dans la transformation technologique du Portugal.<\/p>\t\t\t\t\t\t\t\t<\/div>\n\t\t\t\t<\/div>\n\t\t\t\t\t<\/div>\n\t\t\t\t<\/div>\n\t\t<div class=\"elementor-element elementor-element-629539a6 condicoes e-flex e-con-boxed e-con e-parent\" data-id=\"629539a6\" data-element_type=\"container\" data-e-type=\"container\">\n\t\t\t\t\t<div class=\"e-con-inner\">\n\t\t\t\t<div class=\"elementor-element elementor-element-31db34a2 elementor-widget elementor-widget-heading\" data-id=\"31db34a2\" data-element_type=\"widget\" data-e-type=\"widget\" data-widget_type=\"heading.default\">\n\t\t\t\t<div class=\"elementor-widget-container\">\n\t\t\t\t\t<h2 class=\"elementor-heading-title elementor-size-default\">Conditions<\/h2>\t\t\t\t<\/div>\n\t\t\t\t<\/div>\n\t\t\t\t<div class=\"elementor-element elementor-element-aa91be5 elementor-widget elementor-widget-text-editor\" data-id=\"aa91be5\" data-element_type=\"widget\" data-e-type=\"widget\" data-widget_type=\"text-editor.default\">\n\t\t\t\t<div class=\"elementor-widget-container\">\n\t\t\t\t\t\t\t\t\t<p>- Remise sur la redevance mensuelle du service MEO pour les employ\u00e9s et leur famille (ascendants et descendants au 1er degr\u00e9 et conjoint) selon la campagne en vigueur. R\u00e9duction applicable pendant 24 mois et valable pour toutes les technologies disponibles : Fibre, ADSL et Satellite.<\/p><p>Applicable \u00e0 : <br \/>Nouveaux abonnements au service MEO <br \/>Les clients existants, en ajoutant un service (TV, Internet, t\u00e9l\u00e9phonie fixe ou mobile) et en acceptant une nouvelle p\u00e9riode de fid\u00e9lit\u00e9 de 24 mois. <br \/>La valeur de la r\u00e9duction d\u00e9pend du forfait souscrit et est bas\u00e9e sur la liste de prix en vigueur \u00e0 la date de la souscription.<\/p>\t\t\t\t\t\t\t\t<\/div>\n\t\t\t\t<\/div>\n\t\t\t\t<div class=\"elementor-element elementor-element-0f8587e elementor-widget elementor-widget-image\" data-id=\"0f8587e\" data-element_type=\"widget\" data-e-type=\"widget\" data-widget_type=\"image.default\">\n\t\t\t\t<div class=\"elementor-widget-container\">\n\t\t\t\t\t\t\t\t\t\t\t\t\t\t\t<img decoding=\"async\" src=\"https:\/\/ordemdosfisioterapeutas.pt\/wp-content\/uploads\/elementor\/thumbs\/CAMPANHA-PARCERIA-MEO-_-ORDEM-DOS-FISIOTERAPEUTAS-ABR26-scaled-rlrp5u0l9q6fnyz5rstopcabdvq1v8rkogygasmges.webp\" title=\"CAMPAGNE DE PARTENARIAT MEO _ ASSOCIATION DES PHYSIOTH\u00c9RAPEUTES APR26\" alt=\"CAMPANHA PARCERIA MEO _ ORDEM DOS FISIOTERAPEUTAS ABR26\" loading=\"lazy\" \/>\t\t\t\t\t\t\t\t\t\t\t\t\t\t\t<\/div>\n\t\t\t\t<\/div>\n\t\t\t\t<div class=\"elementor-element elementor-element-00f7030 elementor-widget elementor-widget-text-editor\" data-id=\"00f7030\" data-element_type=\"widget\" data-e-type=\"widget\" data-widget_type=\"text-editor.default\">\n\t\t\t\t<div class=\"elementor-widget-container\">\n\t\t\t\t\t\t\t\t\t<p>Acc\u00e8s \u00e0 la prestation : <br \/>Les conditions d'adh\u00e9sion sont l'inscription \u00e0 la facture \u00e9lectronique et le paiement par pr\u00e9l\u00e8vement automatique.<br \/><br \/>Vous pouvez b\u00e9n\u00e9ficier de ces conditions sp\u00e9ciales pour :<br \/>1. Service personnalis\u00e9 : Partenariats au 800 207 918 (gratuit pour les t\u00e9l\u00e9phones fixes mobiles, disponible les jours ouvrables entre 09h00 et 20h00). <br \/>2. Courriel : parcerias@telecom.pt <br \/>3. Responsables commerciaux de la cha\u00eene des partenariats, pr\u00e9sents dans les locaux du partenaire<\/p><p>Au moment de l'adh\u00e9sion, le membre ou l'employ\u00e9 doit fournir \u00e0 MEO ses donn\u00e9es personnelles, \u00e0 savoir son nom, son num\u00e9ro de TVA, son num\u00e9ro de CC, son contact t\u00e9l\u00e9phonique et son num\u00e9ro de membre ou d'employ\u00e9.<\/p>\t\t\t\t\t\t\t\t<\/div>\n\t\t\t\t<\/div>\n\t\t\t\t\t<\/div>\n\t\t\t\t<\/div>\n\t\t<div class=\"elementor-element elementor-element-35110a7 condicoes-btn e-flex e-con-boxed e-con e-parent\" data-id=\"35110a7\" data-element_type=\"container\" data-e-type=\"container\">\n\t\t\t\t\t<div class=\"e-con-inner\">\n\t\t\t\t<div class=\"elementor-element elementor-element-9a2a980 elementor-align-right elementor-mobile-align-center elementor-widget elementor-widget-button\" data-id=\"9a2a980\" data-element_type=\"widget\" data-e-type=\"widget\" data-widget_type=\"button.default\">\n\t\t\t\t<div class=\"elementor-widget-container\">\n\t\t\t\t\t\t\t\t\t<div class=\"elementor-button-wrapper\">\n\t\t\t\t\t<a class=\"elementor-button elementor-button-link elementor-size-xs\" href=\"https:\/\/portal.ordemdosfisioterapeutas.pt\/of-auth\/?app_ref=e985d1b30a025a19af003c638a7f64a2\" target=\"_blank\">\n\t\t\t\t\t\t<span class=\"elementor-button-content-wrapper\">\n\t\t\t\t\t\t\t\t\t<span class=\"elementor-button-text\">Conna\u00eetre les conditions<\/span>\n\t\t\t\t\t<\/span>\n\t\t\t\t\t<\/a>\n\t\t\t\t<\/div>\n\t\t\t\t\t\t\t\t<\/div>\n\t\t\t\t<\/div>\n\t\t\t\t\t<\/div>\n\t\t\t\t<\/div>\n\t\t<div class=\"elementor-element elementor-element-8f5e632 e-flex e-con-boxed e-con e-parent\" data-id=\"8f5e632\" data-element_type=\"container\" data-e-type=\"container\">\n\t\t\t\t\t<div class=\"e-con-inner\">\n\t\t\t\t<div class=\"elementor-element elementor-element-58e93ba elementor-align-right elementor-mobile-align-center elementor-widget elementor-widget-button\" data-id=\"58e93ba\" data-element_type=\"widget\" data-e-type=\"widget\" data-widget_type=\"button.default\">\n\t\t\t\t<div class=\"elementor-widget-container\">\n\t\t\t\t\t\t\t\t\t<div class=\"elementor-button-wrapper\">\n\t\t\t\t\t<a class=\"elementor-button elementor-button-link elementor-size-xs\" href=\"https:\/\/ordemdosfisioterapeutas.pt\/fr\/parcerias\/\">\n\t\t\t\t\t\t<span class=\"elementor-button-content-wrapper\">\n\t\t\t\t\t\t\t\t\t<span class=\"elementor-button-text\">Retour<\/span>\n\t\t\t\t\t<\/span>\n\t\t\t\t\t<\/a>\n\t\t\t\t<\/div>\n\t\t\t\t\t\t\t\t<\/div>\n\t\t\t\t<\/div>\n\t\t\t\t\t<\/div>\n\t\t\t\t<\/div>\n\t\t\t\t<\/div>","protected":false},"excerpt":{"rendered":"<p>Descri\u00e7\u00e3o A MEO \u00e9 uma das principais empresas em telecomunica\u00e7\u00f5es em Portugal, oferecendo servi\u00e7os de televis\u00e3o, internet, telefone e solu\u00e7\u00f5es empresariais. Reconhecida pela inova\u00e7\u00e3o, qualidade de rede e proximidade com o cliente, aposta na moderniza\u00e7\u00e3o digital e responsabilidade social. A MEO contribui para o desenvolvimento econ\u00f3mico, pessoal e profissional da sociedade. Com foco na sustentabilidade &#8230; <a title=\"MEO\" class=\"read-more\" href=\"https:\/\/ordemdosfisioterapeutas.pt\/fr\/meo\/\" aria-label=\"En savoir plus sur MEO\">En savoir plus<\/a><\/p>","protected":false},"author":1,"featured_media":0,"parent":0,"menu_order":0,"comment_status":"closed","ping_status":"closed","template":"","meta":{"footnotes":""},"class_list":["post-10684","page","type-page","status-publish"],"_links":{"self":[{"href":"https:\/\/ordemdosfisioterapeutas.pt\/fr\/wp-json\/wp\/v2\/pages\/10684","targetHints":{"allow":["GET"]}}],"collection":[{"href":"https:\/\/ordemdosfisioterapeutas.pt\/fr\/wp-json\/wp\/v2\/pages"}],"about":[{"href":"https:\/\/ordemdosfisioterapeutas.pt\/fr\/wp-json\/wp\/v2\/types\/page"}],"author":[{"embeddable":true,"href":"https:\/\/ordemdosfisioterapeutas.pt\/fr\/wp-json\/wp\/v2\/users\/1"}],"replies":[{"embeddable":true,"href":"https:\/\/ordemdosfisioterapeutas.pt\/fr\/wp-json\/wp\/v2\/comments?post=10684"}],"version-history":[{"count":21,"href":"https:\/\/ordemdosfisioterapeutas.pt\/fr\/wp-json\/wp\/v2\/pages\/10684\/revisions"}],"predecessor-version":[{"id":13238,"href":"https:\/\/ordemdosfisioterapeutas.pt\/fr\/wp-json\/wp\/v2\/pages\/10684\/revisions\/13238"}],"wp:attachment":[{"href":"https:\/\/ordemdosfisioterapeutas.pt\/fr\/wp-json\/wp\/v2\/media?parent=10684"}],"curies":[{"name":"wp","href":"https:\/\/api.w.org\/{rel}","templated":true}]}}

<div data-elementor-type="wp-page" data-elementor-id="10684" class="elementor elementor-10684" data-elementor-post-type="page">
				<div class="elementor-element elementor-element-9d3bc52 e-grid e-con-boxed e-con e-parent" data-id="9d3bc52" data-element_type="container" data-e-type="container">
					<div class="e-con-inner">
				<div class="elementor-element elementor-element-4af41899 elementor-widget elementor-widget-image" data-id="4af41899" data-element_type="widget" data-e-type="widget" data-widget_type="image.default">
				<div class="elementor-widget-container">
															<img decoding="async" src="https://ordemdosfisioterapeutas.pt/wp-content/uploads/elementor/thumbs/logo__0006_meo-1-r8dfjbcnkv3alyhxvhm88bxews33ezd4fz267ukr28.png" title="logo__0006_meo-1.png" alt="logo__0006_meo-1.png" loading="lazy" />															</div>
				</div>
				<div class="elementor-element elementor-element-42b65e6 elementor-widget elementor-widget-image" data-id="42b65e6" data-element_type="widget" data-e-type="widget" data-widget_type="image.default">
				<div class="elementor-widget-container">
															<img decoding="async" src="https://ordemdosfisioterapeutas.pt/wp-content/uploads/elementor/thumbs/parcerias-r1e5sfsz0l2px9fc2vf1dqmethbbh5ts4btblfpj40.png" title="partenariats.png" alt="parcerias.png" loading="lazy" />															</div>
				</div>
					</div>
				</div>
		<div class="elementor-element elementor-element-266d1bcb e-flex e-con-boxed e-con e-parent" data-id="266d1bcb" data-element_type="container" data-e-type="container">
					<div class="e-con-inner">
				<div class="elementor-element elementor-element-5e4fbff0 elementor-widget elementor-widget-heading" data-id="5e4fbff0" data-element_type="widget" data-e-type="widget" data-widget_type="heading.default">
				<div class="elementor-widget-container">
					<h2 class="elementor-heading-title elementor-size-default">Description</h2>				</div>
				</div>
				<div class="elementor-element elementor-element-40492fbe elementor-widget elementor-widget-text-editor" data-id="40492fbe" data-element_type="widget" data-e-type="widget" data-widget_type="text-editor.default">
				<div class="elementor-widget-container">
									<p>MEO est l'une des principales entreprises de télécommunications au Portugal, offrant des services de télévision, d'internet, de téléphonie et des solutions professionnelles. Reconnue pour son innovation, la qualité de son réseau et sa proximité avec ses clients, elle s'engage en faveur de la modernisation numérique et de la responsabilité sociale. MEO contribue au développement économique, personnel et professionnel de la société. En mettant l'accent sur la durabilité et l'inclusion numérique, elle vise à élargir sa clientèle, renforçant le rôle central des communications électroniques dans la transformation technologique du Portugal.</p>								</div>
				</div>
					</div>
				</div>
		<div class="elementor-element elementor-element-629539a6 condicoes e-flex e-con-boxed e-con e-parent" data-id="629539a6" data-element_type="container" data-e-type="container">
					<div class="e-con-inner">
				<div class="elementor-element elementor-element-31db34a2 elementor-widget elementor-widget-heading" data-id="31db34a2" data-element_type="widget" data-e-type="widget" data-widget_type="heading.default">
				<div class="elementor-widget-container">
					<h2 class="elementor-heading-title elementor-size-default">Conditions</h2>				</div>
				</div>
				<div class="elementor-element elementor-element-aa91be5 elementor-widget elementor-widget-text-editor" data-id="aa91be5" data-element_type="widget" data-e-type="widget" data-widget_type="text-editor.default">
				<div class="elementor-widget-container">
									<p>- Remise sur la redevance mensuelle du service MEO pour les employés et leur famille (ascendants et descendants au 1er degré et conjoint) selon la campagne en vigueur. Réduction applicable pendant 24 mois et valable pour toutes les technologies disponibles : Fibre, ADSL et Satellite.</p><p>Applicable à : <br />Nouveaux abonnements au service MEO <br />Les clients existants, en ajoutant un service (TV, Internet, téléphonie fixe ou mobile) et en acceptant une nouvelle période de fidélité de 24 mois. <br />La valeur de la réduction dépend du forfait souscrit et est basée sur la liste de prix en vigueur à la date de la souscription.</p>								</div>
				</div>
				<div class="elementor-element elementor-element-0f8587e elementor-widget elementor-widget-image" data-id="0f8587e" data-element_type="widget" data-e-type="widget" data-widget_type="image.default">
				<div class="elementor-widget-container">
															<img decoding="async" src="https://ordemdosfisioterapeutas.pt/wp-content/uploads/elementor/thumbs/CAMPANHA-PARCERIA-MEO-_-ORDEM-DOS-FISIOTERAPEUTAS-ABR26-scaled-rlrp5u0l9q6fnyz5rstopcabdvq1v8rkogygasmges.webp" title="CAMPAGNE DE PARTENARIAT MEO _ ASSOCIATION DES PHYSIOTHÉRAPEUTES APR26" alt="CAMPANHA PARCERIA MEO _ ORDEM DOS FISIOTERAPEUTAS ABR26" loading="lazy" />															</div>
				</div>
				<div class="elementor-element elementor-element-00f7030 elementor-widget elementor-widget-text-editor" data-id="00f7030" data-element_type="widget" data-e-type="widget" data-widget_type="text-editor.default">
				<div class="elementor-widget-container">
									<p>Accès à la prestation : <br />Les conditions d'adhésion sont l'inscription à la facture électronique et le paiement par prélèvement automatique.<br /><br />Vous pouvez bénéficier de ces conditions spéciales pour :<br />1. Service personnalisé : Partenariats au 800 207 918 (gratuit pour les téléphones fixes mobiles, disponible les jours ouvrables entre 09h00 et 20h00). <br />2. Courriel : parcerias@telecom.pt <br />3. Responsables commerciaux de la chaîne des partenariats, présents dans les locaux du partenaire</p><p>Au moment de l'adhésion, le membre ou l'employé doit fournir à MEO ses données personnelles, à savoir son nom, son numéro de TVA, son numéro de CC, son contact téléphonique et son numéro de membre ou d'employé.</p>								</div>
				</div>
					</div>
				</div>
		<div class="elementor-element elementor-element-35110a7 condicoes-btn e-flex e-con-boxed e-con e-parent" data-id="35110a7" data-element_type="container" data-e-type="container">
					<div class="e-con-inner">
				<div class="elementor-element elementor-element-9a2a980 elementor-align-right elementor-mobile-align-center elementor-widget elementor-widget-button" data-id="9a2a980" data-element_type="widget" data-e-type="widget" data-widget_type="button.default">
				<div class="elementor-widget-container">
									<div class="elementor-button-wrapper">
					<a class="elementor-button elementor-button-link elementor-size-xs" href="https://portal.ordemdosfisioterapeutas.pt/of-auth/?app_ref=e985d1b30a025a19af003c638a7f64a2" target="_blank">
						<span class="elementor-button-content-wrapper">
									<span class="elementor-button-text">Connaître les conditions</span>
					</span>
					</a>
				</div>
								</div>
				</div>
					</div>
				</div>
		<div class="elementor-element elementor-element-8f5e632 e-flex e-con-boxed e-con e-parent" data-id="8f5e632" data-element_type="container" data-e-type="container">
					<div class="e-con-inner">
				<div class="elementor-element elementor-element-58e93ba elementor-align-right elementor-mobile-align-center elementor-widget elementor-widget-button" data-id="58e93ba" data-element_type="widget" data-e-type="widget" data-widget_type="button.default">
				<div class="elementor-widget-container">
									<div class="elementor-button-wrapper">
					<a class="elementor-button elementor-button-link elementor-size-xs" href="https://ordemdosfisioterapeutas.pt/fr/parcerias/">
						<span class="elementor-button-content-wrapper">
									<span class="elementor-button-text">Retour</span>
					</span>
					</a>
				</div>
								</div>
				</div>
					</div>
				</div>
				</div>

<p>Descrição A MEO é uma das principais empresas em telecomunicações em Portugal, oferecendo serviços de televisão, internet, telefone e soluções empresariais. Reconhecida pela inovação, qualidade de rede e proximidade com o cliente, aposta na modernização digital e responsabilidade social. A MEO contribui para o desenvolvimento económico, pessoal e profissional da sociedade. Com foco na sustentabilidade &#8230; <a title="MEO" class="read-more" href="https://ordemdosfisioterapeutas.pt/fr/meo/" aria-label="En savoir plus sur MEO">En savoir plus</a></p>
