{"id":4762,"date":"2022-06-29T12:54:13","date_gmt":"2022-06-29T11:54:13","guid":{"rendered":"https:\/\/ordemdosfisioterapeutas.pt\/?page_id=4762"},"modified":"2026-04-16T21:18:23","modified_gmt":"2026-04-16T20:18:23","slug":"duvidas-e-perguntas-frequentes-seguro-de-responsabilidade-civil-profissional","status":"publish","type":"page","link":"https:\/\/ordemdosfisioterapeutas.pt\/es\/duvidas-e-perguntas-frequentes-seguro-de-responsabilidade-civil-profissional\/","title":{"rendered":"Dudas y preguntas frecuentes - Seguro de Responsabilidad Civil Profesional"},"content":{"rendered":"<div data-elementor-type=\"wp-page\" data-elementor-id=\"4762\" class=\"elementor elementor-4762\" data-elementor-post-type=\"page\">\n\t\t\t\t\t\t<section class=\"elementor-section elementor-top-section elementor-element elementor-element-f3df184 elementor-section-boxed elementor-section-height-default elementor-section-height-default\" data-id=\"f3df184\" data-element_type=\"section\" data-e-type=\"section\">\n\t\t\t\t\t\t<div class=\"elementor-container elementor-column-gap-default\">\n\t\t\t\t\t<div class=\"elementor-column elementor-col-100 elementor-top-column elementor-element elementor-element-b1268bd\" data-id=\"b1268bd\" data-element_type=\"column\" data-e-type=\"column\">\n\t\t\t<div class=\"elementor-widget-wrap elementor-element-populated\">\n\t\t\t\t\t\t<div class=\"elementor-element elementor-element-291624d elementor-widget elementor-widget-text-editor\" data-id=\"291624d\" data-element_type=\"widget\" data-e-type=\"widget\" data-widget_type=\"text-editor.default\">\n\t\t\t\t<div class=\"elementor-widget-container\">\n\t\t\t\t\t\t\t\t\t<p><strong>1 - \u00bfQui\u00e9n tiene derecho al Seguro de Responsabilidad Civil Profesional del Colegio de Fisioterapeutas?<\/strong><\/p><p>Todos los fisioterapeutas inscritos en la Orden que no hayan visto suspendida o cancelada su inscripci\u00f3n.<\/p><p><strong>2 - \u00bfA partir de qu\u00e9 momento tengo derecho al Seguro de Responsabilidad Civil Profesional del Colegio de Fisioterapeutas?<\/strong><\/p><p>A partir de la fecha de expedici\u00f3n del carn\u00e9 profesional, que coincide con el momento en que se realiza el pago de la colegiaci\u00f3n en el Colegio de Fisioterapeutas.<\/p><p><strong>3 - \u00bfCu\u00e1l es la fecha de inicio del Seguro de Responsabilidad Civil Profesional del Colegio de Fisioterapeutas?<\/strong><\/p><p>Est\u00e1 en vigor desde el 8 de junio de 2022 y se renov\u00f3 en 2025.<\/p><p><strong>4 - \u00bfCu\u00e1nto tengo que pagar? <\/strong><strong>Seguro de responsabilidad civil profesional proporcionado por el Colegio de Fisioterapeutas<\/strong>?<\/p><p>No es necesario pagar nada, ya que se trata de una prestaci\u00f3n que ofrece la Orden a todos los Fisioterapeutas con colegiaci\u00f3n activa.<\/p><p><strong>5 - \u00bfEn qu\u00e9 situaciones ya no tengo derecho al Seguro de Responsabilidad Civil Profesional del Colegio de Fisioterapeutas?<\/strong><\/p><p>A partir del momento en que se suspenda o cancele su inscripci\u00f3n.<\/p><p><strong>6 - \u00bfQu\u00e9 cubre el seguro de responsabilidad civil profesional?<\/strong><\/p><p>\u00a0El Seguro de Responsabilidad Civil Profesional garantiza el pago de las indemnizaciones de hasta 100.000 euros que, de acuerdo con la legislaci\u00f3n vigente, puedan ser exigidas al Fisioterapeuta como consecuencia de un error, omisi\u00f3n o negligencia cometidos por \u00e9ste en el ejercicio de su profesi\u00f3n.<\/p><p>Este Seguro de Responsabilidad Civil Profesional tambi\u00e9n cuenta con asociados:<\/p><p><strong>- Coste de defensa de 20.000<\/strong> \u20ac;<\/p><p>\u2013 <strong>Indemnizaci\u00f3n mensual por inhabilitaci\u00f3n judicial para el ejercicio profesional<\/strong> - con arreglo a lo dispuesto en el presente<\/p><p>cobertura, el Asegurador abona un importe mensual correspondiente a la remuneraci\u00f3n media de los \u00faltimos 12 meses anteriores al siniestro, hasta un m\u00e1ximo de 3.000,00 euros.<\/p><p>\u2013 <strong>Pasivo de explotaci\u00f3n - <\/strong>garantiza la responsabilidad civil del Fisioterapeuta, derivada de los riesgos inherentes a su condici\u00f3n de propietario del inmueble o fracci\u00f3n y\/o administrador de los inmuebles afectos al ejercicio de su actividad como Fisioterapeuta, en la cuant\u00eda de 20.000 euros.<\/p><p><strong>7 - Ya tengo un seguro de responsabilidad civil profesional. \u00bfPuedo mantener ambos?<\/strong><\/p><p>No es aconsejable mantener ambas. La p\u00f3liza Fidelidade - Companhia de Seguros S.A. (realizada por Willis, Corretores de Seguros S.A.) s\u00f3lo es v\u00e1lida si, en el momento del siniestro, el hecho causante del da\u00f1o no est\u00e1 garantizado por otra p\u00f3liza, tal como se indica en las condiciones y garant\u00edas espec\u00edficas de la p\u00f3liza, que pueden consultarse en el \u00e1rea reservada a los colegiados del Colegio de Fisioterapeutas. Tras analizarlo detenidamente, si decides mantener el seguro de responsabilidad civil profesional del Colegio de Fisioterapeutas, deber\u00e1s renunciar al que ya tienes. Si decide renunciar al seguro de la Orden, deber\u00e1 comunicar esta decisi\u00f3n por escrito a: <a href=\"mailto:____________@ordemdosfisioterapeutas.pt\">geral@ordemdosfisioterapeutas.pt<\/a><\/p><p><strong>8 - \u00bfQu\u00e9 debo hacer en caso de siniestro?<\/strong><\/p><p>En caso de siniestro, deber\u00e1 rellenar el formulario \"<a href=\"https:\/\/ordemdosfisioterapeutas.pt\/wp-content\/uploads\/2022\/07\/Participacao-de-Sinistros-Responsabilidade-Civil_Editavel_mar2022.pdf\"><strong>Reclamaciones de responsabilidad civil<\/strong><\/a>\u201d y env\u00edelo al Departamento de Siniestros de la aseguradora por correo electr\u00f3nico: <a href=\"mailto:sinistros.pt@wtwco.com\">sinistros.pt@wtwco.com<\/a>.<\/p><p>Si los gastos ya se han efectuado cuando se notifica el siniestro, deber\u00e1 enviar el \"<a href=\"https:\/\/ordemdosfisioterapeutas.pt\/wp-content\/uploads\/2022\/07\/Documento-de-Despesa.indd_.pdf\"><strong>Documento de gastos<\/strong><\/a>\" correctamente. El formulario de gastos tambi\u00e9n puede enviarse posteriormente, siempre que figure en \u00e9l el n\u00famero de p\u00f3liza (puede colocarse encima del \"n\u00famero de siniestro\").<\/p><p>Ambos documentos se encuentran en el \u00c1rea Reservada, en la pesta\u00f1a Seguro de Responsabilidad Civil &gt; Formularios.<\/p><p><strong>9 - Si decido darme de baja en el Seguro de Responsabilidad Civil Profesional de la Asociaci\u00f3n, \u00bfobtengo un descuento en la cuota de afiliaci\u00f3n?<\/strong><\/p><p>El importe de las cuotas de afiliaci\u00f3n no tiene nada que ver con el seguro, que es una respuesta encontrada por el Consejo del Colegio de Fisioterapeutas a la obligaci\u00f3n legal de que todos los miembros de una organizaci\u00f3n profesional dispongan de un seguro de responsabilidad civil profesional.<\/p><p><strong>10 - Si quiero aumentar el importe de la cobertura, \u00bfpuedo hacerlo?<\/strong><\/p><p>Tambi\u00e9n puede negociar las condiciones adicionales de la p\u00f3liza con Fidelidade - Companhia de Seguros S.A. o con cualquier otra compa\u00f1\u00eda de seguros. En el caso de la primera, puede ponerse en contacto con el gestor de cuentas, Dr. Andr\u00e9 Amorim, en la siguiente direcci\u00f3n de correo electr\u00f3nico: <span style=\"text-decoration: underline;\"><a href=\"mailto:andre.amorim@wtwco.com\">andre.amorim@wtwco.com<\/a><\/span><\/p><p><strong>11 - \u00bfCu\u00e1ndo cubre un siniestro el seguro de responsabilidad civil profesional?<\/strong><\/p><p>El seguro cubre las reclamaciones efectuadas por primera vez durante el periodo de vigencia de la p\u00f3liza. Tambi\u00e9n puede cubrir reclamaciones realizadas hasta 12 meses despu\u00e9s de la finalizaci\u00f3n del contrato, siempre que el error, acto u omisi\u00f3n se haya producido durante el periodo en que el seguro estaba en vigor y que el caso no fuera conocido previamente por el asegurado o el asegurador.<\/p><p><strong>12 - \u00bfCu\u00e1l es la franquicia asociada al Seguro de Responsabilidad Civil Profesional del Colegio de Fisioterapeutas?<\/strong><\/p><p>No hay franquicia.<\/p><p><strong>13 - \u00bfC\u00f3mo puedo ponerme en contacto con la compa\u00f1\u00eda de seguros?<\/strong><\/p><p>Puede ponerse en contacto con el gestor de cuentas, Dr. Andr\u00e9 Amorim, en la siguiente direcci\u00f3n de correo electr\u00f3nico: <span style=\"text-decoration: underline;\"><a href=\"mailto:andre.amorim@wtwco.com\">andre.amorim@wtwco.com<\/a><\/span><\/p>\t\t\t\t\t\t\t\t<\/div>\n\t\t\t\t<\/div>\n\t\t\t\t\t<\/div>\n\t\t<\/div>\n\t\t\t\t\t<\/div>\n\t\t<\/section>\n\t\t\t\t<\/div>","protected":false},"excerpt":{"rendered":"<p>1 &#8211; Quem tem direito ao Seguro de Responsabilidade Civil Profissional da Ordem dos Fisioterapeutas? Todos os Fisioterapeutas inscritos na Ordem que n\u00e3o tenham a sua inscri\u00e7\u00e3o suspensa ou cancelada. 2 &#8211; A partir de que altura tenho direito ao Seguro de Responsabilidade Civil Profissional da Ordem dos Fisioterapeutas? A partir da data de atribui\u00e7\u00e3o &#8230; <a title=\"Dudas y preguntas frecuentes - Seguro de Responsabilidad Civil Profesional\" class=\"read-more\" href=\"https:\/\/ordemdosfisioterapeutas.pt\/es\/duvidas-e-perguntas-frequentes-seguro-de-responsabilidade-civil-profissional\/\" aria-label=\"Leer m\u00e1s sobre D\u00favidas e Perguntas Frequentes- Seguro de Responsabilidade Civil Profissional\">Seguir leyendo<\/a><\/p>","protected":false},"author":1,"featured_media":0,"parent":0,"menu_order":0,"comment_status":"closed","ping_status":"closed","template":"","meta":{"footnotes":""},"class_list":["post-4762","page","type-page","status-publish"],"_links":{"self":[{"href":"https:\/\/ordemdosfisioterapeutas.pt\/es\/wp-json\/wp\/v2\/pages\/4762","targetHints":{"allow":["GET"]}}],"collection":[{"href":"https:\/\/ordemdosfisioterapeutas.pt\/es\/wp-json\/wp\/v2\/pages"}],"about":[{"href":"https:\/\/ordemdosfisioterapeutas.pt\/es\/wp-json\/wp\/v2\/types\/page"}],"author":[{"embeddable":true,"href":"https:\/\/ordemdosfisioterapeutas.pt\/es\/wp-json\/wp\/v2\/users\/1"}],"replies":[{"embeddable":true,"href":"https:\/\/ordemdosfisioterapeutas.pt\/es\/wp-json\/wp\/v2\/comments?post=4762"}],"version-history":[{"count":6,"href":"https:\/\/ordemdosfisioterapeutas.pt\/es\/wp-json\/wp\/v2\/pages\/4762\/revisions"}],"predecessor-version":[{"id":13253,"href":"https:\/\/ordemdosfisioterapeutas.pt\/es\/wp-json\/wp\/v2\/pages\/4762\/revisions\/13253"}],"wp:attachment":[{"href":"https:\/\/ordemdosfisioterapeutas.pt\/es\/wp-json\/wp\/v2\/media?parent=4762"}],"curies":[{"name":"wp","href":"https:\/\/api.w.org\/{rel}","templated":true}]}}

<div data-elementor-type="wp-page" data-elementor-id="4762" class="elementor elementor-4762" data-elementor-post-type="page">
						<section class="elementor-section elementor-top-section elementor-element elementor-element-f3df184 elementor-section-boxed elementor-section-height-default elementor-section-height-default" data-id="f3df184" data-element_type="section" data-e-type="section">
						<div class="elementor-container elementor-column-gap-default">
					<div class="elementor-column elementor-col-100 elementor-top-column elementor-element elementor-element-b1268bd" data-id="b1268bd" data-element_type="column" data-e-type="column">
			<div class="elementor-widget-wrap elementor-element-populated">
						<div class="elementor-element elementor-element-291624d elementor-widget elementor-widget-text-editor" data-id="291624d" data-element_type="widget" data-e-type="widget" data-widget_type="text-editor.default">
				<div class="elementor-widget-container">
									<p><strong>1 - ¿Quién tiene derecho al Seguro de Responsabilidad Civil Profesional del Colegio de Fisioterapeutas?</strong></p><p>Todos los fisioterapeutas inscritos en la Orden que no hayan visto suspendida o cancelada su inscripción.</p><p><strong>2 - ¿A partir de qué momento tengo derecho al Seguro de Responsabilidad Civil Profesional del Colegio de Fisioterapeutas?</strong></p><p>A partir de la fecha de expedición del carné profesional, que coincide con el momento en que se realiza el pago de la colegiación en el Colegio de Fisioterapeutas.</p><p><strong>3 - ¿Cuál es la fecha de inicio del Seguro de Responsabilidad Civil Profesional del Colegio de Fisioterapeutas?</strong></p><p>Está en vigor desde el 8 de junio de 2022 y se renovó en 2025.</p><p><strong>4 - ¿Cuánto tengo que pagar? </strong><strong>Seguro de responsabilidad civil profesional proporcionado por el Colegio de Fisioterapeutas</strong>?</p><p>No es necesario pagar nada, ya que se trata de una prestación que ofrece la Orden a todos los Fisioterapeutas con colegiación activa.</p><p><strong>5 - ¿En qué situaciones ya no tengo derecho al Seguro de Responsabilidad Civil Profesional del Colegio de Fisioterapeutas?</strong></p><p>A partir del momento en que se suspenda o cancele su inscripción.</p><p><strong>6 - ¿Qué cubre el seguro de responsabilidad civil profesional?</strong></p><p> El Seguro de Responsabilidad Civil Profesional garantiza el pago de las indemnizaciones de hasta 100.000 euros que, de acuerdo con la legislación vigente, puedan ser exigidas al Fisioterapeuta como consecuencia de un error, omisión o negligencia cometidos por éste en el ejercicio de su profesión.</p><p>Este Seguro de Responsabilidad Civil Profesional también cuenta con asociados:</p><p><strong>- Coste de defensa de 20.000</strong> €;</p><p>– <strong>Indemnización mensual por inhabilitación judicial para el ejercicio profesional</strong> - con arreglo a lo dispuesto en el presente</p><p>cobertura, el Asegurador abona un importe mensual correspondiente a la remuneración media de los últimos 12 meses anteriores al siniestro, hasta un máximo de 3.000,00 euros.</p><p>– <strong>Pasivo de explotación - </strong>garantiza la responsabilidad civil del Fisioterapeuta, derivada de los riesgos inherentes a su condición de propietario del inmueble o fracción y/o administrador de los inmuebles afectos al ejercicio de su actividad como Fisioterapeuta, en la cuantía de 20.000 euros.</p><p><strong>7 - Ya tengo un seguro de responsabilidad civil profesional. ¿Puedo mantener ambos?</strong></p><p>No es aconsejable mantener ambas. La póliza Fidelidade - Companhia de Seguros S.A. (realizada por Willis, Corretores de Seguros S.A.) sólo es válida si, en el momento del siniestro, el hecho causante del daño no está garantizado por otra póliza, tal como se indica en las condiciones y garantías específicas de la póliza, que pueden consultarse en el área reservada a los colegiados del Colegio de Fisioterapeutas. Tras analizarlo detenidamente, si decides mantener el seguro de responsabilidad civil profesional del Colegio de Fisioterapeutas, deberás renunciar al que ya tienes. Si decide renunciar al seguro de la Orden, deberá comunicar esta decisión por escrito a: <a href="mailto:____________@ordemdosfisioterapeutas.pt">geral@ordemdosfisioterapeutas.pt</a></p><p><strong>8 - ¿Qué debo hacer en caso de siniestro?</strong></p><p>En caso de siniestro, deberá rellenar el formulario "<a href="https://ordemdosfisioterapeutas.pt/wp-content/uploads/2022/07/Participacao-de-Sinistros-Responsabilidade-Civil_Editavel_mar2022.pdf"><strong>Reclamaciones de responsabilidad civil</strong></a>” y envíelo al Departamento de Siniestros de la aseguradora por correo electrónico: <a href="mailto:sinistros.pt@wtwco.com">sinistros.pt@wtwco.com</a>.</p><p>Si los gastos ya se han efectuado cuando se notifica el siniestro, deberá enviar el "<a href="https://ordemdosfisioterapeutas.pt/wp-content/uploads/2022/07/Documento-de-Despesa.indd_.pdf"><strong>Documento de gastos</strong></a>" correctamente. El formulario de gastos también puede enviarse posteriormente, siempre que figure en él el número de póliza (puede colocarse encima del "número de siniestro").</p><p>Ambos documentos se encuentran en el Área Reservada, en la pestaña Seguro de Responsabilidad Civil &gt; Formularios.</p><p><strong>9 - Si decido darme de baja en el Seguro de Responsabilidad Civil Profesional de la Asociación, ¿obtengo un descuento en la cuota de afiliación?</strong></p><p>El importe de las cuotas de afiliación no tiene nada que ver con el seguro, que es una respuesta encontrada por el Consejo del Colegio de Fisioterapeutas a la obligación legal de que todos los miembros de una organización profesional dispongan de un seguro de responsabilidad civil profesional.</p><p><strong>10 - Si quiero aumentar el importe de la cobertura, ¿puedo hacerlo?</strong></p><p>También puede negociar las condiciones adicionales de la póliza con Fidelidade - Companhia de Seguros S.A. o con cualquier otra compañía de seguros. En el caso de la primera, puede ponerse en contacto con el gestor de cuentas, Dr. André Amorim, en la siguiente dirección de correo electrónico: <span style="text-decoration: underline;"><a href="mailto:andre.amorim@wtwco.com">andre.amorim@wtwco.com</a></span></p><p><strong>11 - ¿Cuándo cubre un siniestro el seguro de responsabilidad civil profesional?</strong></p><p>El seguro cubre las reclamaciones efectuadas por primera vez durante el periodo de vigencia de la póliza. También puede cubrir reclamaciones realizadas hasta 12 meses después de la finalización del contrato, siempre que el error, acto u omisión se haya producido durante el periodo en que el seguro estaba en vigor y que el caso no fuera conocido previamente por el asegurado o el asegurador.</p><p><strong>12 - ¿Cuál es la franquicia asociada al Seguro de Responsabilidad Civil Profesional del Colegio de Fisioterapeutas?</strong></p><p>No hay franquicia.</p><p><strong>13 - ¿Cómo puedo ponerme en contacto con la compañía de seguros?</strong></p><p>Puede ponerse en contacto con el gestor de cuentas, Dr. André Amorim, en la siguiente dirección de correo electrónico: <span style="text-decoration: underline;"><a href="mailto:andre.amorim@wtwco.com">andre.amorim@wtwco.com</a></span></p>								</div>
				</div>
					</div>
		</div>
					</div>
		</section>
				</div>

<p>1 &#8211; Quem tem direito ao Seguro de Responsabilidade Civil Profissional da Ordem dos Fisioterapeutas? Todos os Fisioterapeutas inscritos na Ordem que não tenham a sua inscrição suspensa ou cancelada. 2 &#8211; A partir de que altura tenho direito ao Seguro de Responsabilidade Civil Profissional da Ordem dos Fisioterapeutas? A partir da data de atribuição &#8230; <a title="Dudas y preguntas frecuentes - Seguro de Responsabilidad Civil Profesional" class="read-more" href="https://ordemdosfisioterapeutas.pt/es/duvidas-e-perguntas-frequentes-seguro-de-responsabilidade-civil-profissional/" aria-label="Leer más sobre Dúvidas e Perguntas Frequentes- Seguro de Responsabilidade Civil Profissional">Seguir leyendo</a></p>
