{"id":4687,"date":"2022-06-20T09:54:35","date_gmt":"2022-06-20T08:54:35","guid":{"rendered":"https:\/\/ordemdosfisioterapeutas.pt\/?page_id=4687"},"modified":"2022-06-29T12:49:47","modified_gmt":"2022-06-29T11:49:47","slug":"seguro-de-responsabilidade-civil-profissional","status":"publish","type":"page","link":"https:\/\/ordemdosfisioterapeutas.pt\/es\/seguro-de-responsabilidade-civil-profissional\/","title":{"rendered":"Seguro de responsabilidad profesional"},"content":{"rendered":"<div data-elementor-type=\"wp-page\" data-elementor-id=\"4687\" class=\"elementor elementor-4687\" data-elementor-post-type=\"page\">\n\t\t\t\t\t\t<section class=\"elementor-section elementor-top-section elementor-element elementor-element-7b9e29a elementor-section-boxed elementor-section-height-default elementor-section-height-default\" data-id=\"7b9e29a\" data-element_type=\"section\" data-e-type=\"section\">\n\t\t\t\t\t\t<div class=\"elementor-container elementor-column-gap-default\">\n\t\t\t\t\t<div class=\"elementor-column elementor-col-100 elementor-top-column elementor-element elementor-element-0e65b6c\" data-id=\"0e65b6c\" data-element_type=\"column\" data-e-type=\"column\">\n\t\t\t<div class=\"elementor-widget-wrap elementor-element-populated\">\n\t\t\t\t\t\t<div class=\"elementor-element elementor-element-749c0b6 elementor-widget elementor-widget-text-editor\" data-id=\"749c0b6\" data-element_type=\"widget\" data-e-type=\"widget\" data-widget_type=\"text-editor.default\">\n\t\t\t\t<div class=\"elementor-widget-container\">\n\t\t\t\t\t\t\t\t\t<p>El seguro de responsabilidad civil profesional ya est\u00e1 en vigor, tras la <a href=\"https:\/\/ordemdosfisioterapeutas.pt\/es\/concursos\/\" target=\"_blank\" rel=\"noopener\"><u>concurso p\u00fablico <\/u><\/a>promovido por el Colegio de Fisioterapeutas. La propuesta ganadora de Fidelidade - Companhia de Seguros S.A., que ser\u00e1 ejecutada por Willis, Corretores de Seguros S.A., ofrece condiciones y garant\u00edas espec\u00edficas para todos los Fisioterapeutas registrados en la Orden, que no tengan su registro suspendido o cancelado. Puede consultar la p\u00f3liza y las preguntas m\u00e1s frecuentes sobre el seguro de responsabilidad civil profesional en <span style=\"text-decoration: underline;\"><a href=\"https:\/\/portal.ordemdosfisioterapeutas.pt\/\" target=\"_blank\" rel=\"noopener\">\u00e1rea reservada<\/a><\/span>. \u00a0<\/p><p>Con la ejecuci\u00f3n de este seguro, la Orden responde a la obligaci\u00f3n legal de todos los colegiados de disponer de un seguro de responsabilidad civil y mantiene su compromiso de construir los cimientos de una Orden de Fisioterapeutas fuerte, que regule la profesi\u00f3n y represente a sus profesionales, protegiendo tambi\u00e9n a los usuarios de los servicios de fisioterapia.\u00a0<\/p>\t\t\t\t\t\t\t\t<\/div>\n\t\t\t\t<\/div>\n\t\t\t\t\t<\/div>\n\t\t<\/div>\n\t\t\t\t\t<\/div>\n\t\t<\/section>\n\t\t\t\t<\/div>","protected":false},"excerpt":{"rendered":"<p>Ya est\u00e1 en vigor el seguro de responsabilidad civil profesional, tras el concurso p\u00fablico promovido por el Colegio de Fisioterapeutas. La propuesta ganadora de Fidelidade - Companhia de Seguros S.A., que ser\u00e1 ejecutada por Willis, Corretores de Seguros S.A., ofrece condiciones y garant\u00edas espec\u00edficas para todos los Fisioterapeutas colegiados en el Orden, que no dispongan del... <a title=\"Seguro de responsabilidad profesional\" class=\"read-more\" href=\"https:\/\/ordemdosfisioterapeutas.pt\/es\/seguro-de-responsabilidade-civil-profissional\/\" aria-label=\"M\u00e1s informaci\u00f3n sobre el seguro de responsabilidad profesional\">Seguir leyendo<\/a><\/p>","protected":false},"author":1,"featured_media":0,"parent":0,"menu_order":0,"comment_status":"closed","ping_status":"closed","template":"","meta":{"footnotes":""},"class_list":["post-4687","page","type-page","status-publish"],"_links":{"self":[{"href":"https:\/\/ordemdosfisioterapeutas.pt\/es\/wp-json\/wp\/v2\/pages\/4687","targetHints":{"allow":["GET"]}}],"collection":[{"href":"https:\/\/ordemdosfisioterapeutas.pt\/es\/wp-json\/wp\/v2\/pages"}],"about":[{"href":"https:\/\/ordemdosfisioterapeutas.pt\/es\/wp-json\/wp\/v2\/types\/page"}],"author":[{"embeddable":true,"href":"https:\/\/ordemdosfisioterapeutas.pt\/es\/wp-json\/wp\/v2\/users\/1"}],"replies":[{"embeddable":true,"href":"https:\/\/ordemdosfisioterapeutas.pt\/es\/wp-json\/wp\/v2\/comments?post=4687"}],"version-history":[{"count":0,"href":"https:\/\/ordemdosfisioterapeutas.pt\/es\/wp-json\/wp\/v2\/pages\/4687\/revisions"}],"wp:attachment":[{"href":"https:\/\/ordemdosfisioterapeutas.pt\/es\/wp-json\/wp\/v2\/media?parent=4687"}],"curies":[{"name":"wp","href":"https:\/\/api.w.org\/{rel}","templated":true}]}}

<div data-elementor-type="wp-page" data-elementor-id="4687" class="elementor elementor-4687" data-elementor-post-type="page">
						<section class="elementor-section elementor-top-section elementor-element elementor-element-7b9e29a elementor-section-boxed elementor-section-height-default elementor-section-height-default" data-id="7b9e29a" data-element_type="section" data-e-type="section">
						<div class="elementor-container elementor-column-gap-default">
					<div class="elementor-column elementor-col-100 elementor-top-column elementor-element elementor-element-0e65b6c" data-id="0e65b6c" data-element_type="column" data-e-type="column">
			<div class="elementor-widget-wrap elementor-element-populated">
						<div class="elementor-element elementor-element-749c0b6 elementor-widget elementor-widget-text-editor" data-id="749c0b6" data-element_type="widget" data-e-type="widget" data-widget_type="text-editor.default">
				<div class="elementor-widget-container">
									<p>El seguro de responsabilidad civil profesional ya está en vigor, tras la <a href="https://ordemdosfisioterapeutas.pt/es/concursos/" target="_blank" rel="noopener"><u>concurso público </u></a>promovido por el Colegio de Fisioterapeutas. La propuesta ganadora de Fidelidade - Companhia de Seguros S.A., que será ejecutada por Willis, Corretores de Seguros S.A., ofrece condiciones y garantías específicas para todos los Fisioterapeutas registrados en la Orden, que no tengan su registro suspendido o cancelado. Puede consultar la póliza y las preguntas más frecuentes sobre el seguro de responsabilidad civil profesional en <span style="text-decoration: underline;"><a href="https://portal.ordemdosfisioterapeutas.pt/" target="_blank" rel="noopener">área reservada</a></span>.  </p><p>Con la ejecución de este seguro, la Orden responde a la obligación legal de todos los colegiados de disponer de un seguro de responsabilidad civil y mantiene su compromiso de construir los cimientos de una Orden de Fisioterapeutas fuerte, que regule la profesión y represente a sus profesionales, protegiendo también a los usuarios de los servicios de fisioterapia. </p>								</div>
				</div>
					</div>
		</div>
					</div>
		</section>
				</div>

<p>Ya está en vigor el seguro de responsabilidad civil profesional, tras el concurso público promovido por el Colegio de Fisioterapeutas. La propuesta ganadora de Fidelidade - Companhia de Seguros S.A., que será ejecutada por Willis, Corretores de Seguros S.A., ofrece condiciones y garantías específicas para todos los Fisioterapeutas colegiados en el Orden, que no dispongan del... <a title="Seguro de responsabilidad profesional" class="read-more" href="https://ordemdosfisioterapeutas.pt/es/seguro-de-responsabilidade-civil-profissional/" aria-label="Más información sobre el seguro de responsabilidad profesional">Seguir leyendo</a></p>
