{"id":4687,"date":"2022-06-20T09:54:35","date_gmt":"2022-06-20T08:54:35","guid":{"rendered":"https:\/\/ordemdosfisioterapeutas.pt\/?page_id=4687"},"modified":"2022-06-29T12:49:47","modified_gmt":"2022-06-29T11:49:47","slug":"seguro-de-responsabilidade-civil-profissional","status":"publish","type":"page","link":"https:\/\/ordemdosfisioterapeutas.pt\/en\/seguro-de-responsabilidade-civil-profissional\/","title":{"rendered":"Professional Liability Insurance"},"content":{"rendered":"<div data-elementor-type=\"wp-page\" data-elementor-id=\"4687\" class=\"elementor elementor-4687\" data-elementor-post-type=\"page\">\n\t\t\t\t\t\t<section class=\"elementor-section elementor-top-section elementor-element elementor-element-7b9e29a elementor-section-boxed elementor-section-height-default elementor-section-height-default\" data-id=\"7b9e29a\" data-element_type=\"section\" data-e-type=\"section\">\n\t\t\t\t\t\t<div class=\"elementor-container elementor-column-gap-default\">\n\t\t\t\t\t<div class=\"elementor-column elementor-col-100 elementor-top-column elementor-element elementor-element-0e65b6c\" data-id=\"0e65b6c\" data-element_type=\"column\" data-e-type=\"column\">\n\t\t\t<div class=\"elementor-widget-wrap elementor-element-populated\">\n\t\t\t\t\t\t<div class=\"elementor-element elementor-element-749c0b6 elementor-widget elementor-widget-text-editor\" data-id=\"749c0b6\" data-element_type=\"widget\" data-e-type=\"widget\" data-widget_type=\"text-editor.default\">\n\t\t\t\t<div class=\"elementor-widget-container\">\n\t\t\t\t\t\t\t\t\t<p>Professional civil liability insurance is already in force, following the <a href=\"https:\/\/ordemdosfisioterapeutas.pt\/en\/concursos\/\" target=\"_blank\" rel=\"noopener\"><u>public tender <\/u><\/a>promoted by the Order of Physiotherapists. The winning proposal from Fidelidade - Companhia de Seguros S.A., to be executed by Willis, Corretores de Seguros S.A., offers specific conditions and guarantees for all Physiotherapists registered in the Order, who do not have their registration suspended or cancelled. You can consult the policy and Frequently Asked Questions about the professional liability insurance at <span style=\"text-decoration: underline;\"><a href=\"https:\/\/portal.ordemdosfisioterapeutas.pt\/\" target=\"_blank\" rel=\"noopener\">reserved area<\/a><\/span>. \u00a0<\/p><p>With the execution of this insurance, the Order responds to the legal obligation of all members to have a civil liability insurance and remains committed to building the foundations of a strong Order of Physiotherapists, which regulates the profession and represents its professionals, protecting also the users of physiotherapy services.\u00a0<\/p>\t\t\t\t\t\t\t\t<\/div>\n\t\t\t\t<\/div>\n\t\t\t\t\t<\/div>\n\t\t<\/div>\n\t\t\t\t\t<\/div>\n\t\t<\/section>\n\t\t\t\t<\/div>","protected":false},"excerpt":{"rendered":"<p>J\u00e1 se encontra em vigor o seguro de responsabilidade civil profissional,\u00a0na sequ\u00eancia do concurso p\u00fablico promovido pela Ordem dos Fisioterapeutas. A proposta vencedora da Fidelidade &#8211; Companhia de Seguros S.A., a ser executada pela Willis, Corretores de Seguros S.A., oferece condi\u00e7\u00f5es e garantias espec\u00edficas para todos os Fisioterapeutas inscritos na Ordem, que n\u00e3o tenham a &#8230; <a title=\"Professional Liability Insurance\" class=\"read-more\" href=\"https:\/\/ordemdosfisioterapeutas.pt\/en\/seguro-de-responsabilidade-civil-profissional\/\" aria-label=\"Read more about Seguro de Responsabilidade Civil Profissional\">Read more<\/a><\/p>","protected":false},"author":1,"featured_media":0,"parent":0,"menu_order":0,"comment_status":"closed","ping_status":"closed","template":"","meta":{"footnotes":""},"class_list":["post-4687","page","type-page","status-publish"],"_links":{"self":[{"href":"https:\/\/ordemdosfisioterapeutas.pt\/en\/wp-json\/wp\/v2\/pages\/4687","targetHints":{"allow":["GET"]}}],"collection":[{"href":"https:\/\/ordemdosfisioterapeutas.pt\/en\/wp-json\/wp\/v2\/pages"}],"about":[{"href":"https:\/\/ordemdosfisioterapeutas.pt\/en\/wp-json\/wp\/v2\/types\/page"}],"author":[{"embeddable":true,"href":"https:\/\/ordemdosfisioterapeutas.pt\/en\/wp-json\/wp\/v2\/users\/1"}],"replies":[{"embeddable":true,"href":"https:\/\/ordemdosfisioterapeutas.pt\/en\/wp-json\/wp\/v2\/comments?post=4687"}],"version-history":[{"count":0,"href":"https:\/\/ordemdosfisioterapeutas.pt\/en\/wp-json\/wp\/v2\/pages\/4687\/revisions"}],"wp:attachment":[{"href":"https:\/\/ordemdosfisioterapeutas.pt\/en\/wp-json\/wp\/v2\/media?parent=4687"}],"curies":[{"name":"wp","href":"https:\/\/api.w.org\/{rel}","templated":true}]}}

<p>Já se encontra em vigor o seguro de responsabilidade civil profissional, na sequência do concurso público promovido pela Ordem dos Fisioterapeutas. A proposta vencedora da Fidelidade &#8211; Companhia de Seguros S.A., a ser executada pela Willis, Corretores de Seguros S.A., oferece condições e garantias específicas para todos os Fisioterapeutas inscritos na Ordem, que não tenham a &#8230; <a title="Professional Liability Insurance" class="read-more" href="https://ordemdosfisioterapeutas.pt/en/seguro-de-responsabilidade-civil-profissional/" aria-label="Read more about Seguro de Responsabilidade Civil Profissional">Read more</a></p>
