{"id":2495,"date":"2021-06-28T14:03:45","date_gmt":"2021-06-28T13:03:45","guid":{"rendered":"https:\/\/ordemdosfisioterapeutas.pt\/?page_id=2495"},"modified":"2024-08-02T13:06:52","modified_gmt":"2024-08-02T12:06:52","slug":"eleicoes","status":"publish","type":"page","link":"http:\/\/ordemdosfisioterapeutas.pt\/es\/eleicoes\/","title":{"rendered":"Elecciones al Consejo de Supervisi\u00f3n"},"content":{"rendered":"<div data-elementor-type=\"wp-page\" data-elementor-id=\"2495\" class=\"elementor elementor-2495\" data-elementor-post-type=\"page\">\n\t\t\t\t\t\t<section class=\"elementor-section elementor-top-section elementor-element elementor-element-7a64a6a6 elementor-section-boxed elementor-section-height-default elementor-section-height-default\" data-id=\"7a64a6a6\" data-element_type=\"section\" data-e-type=\"section\">\n\t\t\t\t\t\t<div class=\"elementor-container elementor-column-gap-default\">\n\t\t\t\t\t<div class=\"elementor-column elementor-col-50 elementor-top-column elementor-element elementor-element-2bc57231 sticky-parent\" data-id=\"2bc57231\" data-element_type=\"column\" data-e-type=\"column\">\n\t\t\t<div class=\"elementor-widget-wrap elementor-element-populated\">\n\t\t\t\t\t\t<section class=\"elementor-section elementor-inner-section elementor-element elementor-element-4899e116 sticky-column elementor-section-boxed elementor-section-height-default elementor-section-height-default\" data-id=\"4899e116\" data-element_type=\"section\" data-e-type=\"section\">\n\t\t\t\t\t\t<div class=\"elementor-container elementor-column-gap-default\">\n\t\t\t\t\t<div class=\"elementor-column elementor-col-100 elementor-inner-column elementor-element elementor-element-288b2628\" data-id=\"288b2628\" data-element_type=\"column\" data-e-type=\"column\">\n\t\t\t<div class=\"elementor-widget-wrap elementor-element-populated\">\n\t\t\t\t\t\t<div class=\"elementor-element elementor-element-2e8c2ce elementor-hidden-desktop elementor-hidden-tablet elementor-hidden-mobile elementor-nav-menu--dropdown-tablet elementor-nav-menu__text-align-aside elementor-nav-menu--toggle elementor-nav-menu--burger elementor-widget elementor-widget-global elementor-global-2875 elementor-widget-nav-menu\" data-id=\"2e8c2ce\" data-element_type=\"widget\" data-e-type=\"widget\" data-settings=\"{&quot;layout&quot;:&quot;vertical&quot;,&quot;submenu_icon&quot;:{&quot;value&quot;:&quot;fas fa-caret-down&quot;,&quot;library&quot;:&quot;fa-solid&quot;},&quot;toggle&quot;:&quot;burger&quot;}\" data-widget_type=\"nav-menu.default\">\n\t\t\t\t<div class=\"elementor-widget-container\">\n\t\t\t\t\t\t\t\t<nav aria-label=\"Men\u00fa\" class=\"elementor-nav-menu--main elementor-nav-menu__container elementor-nav-menu--layout-vertical e--pointer-underline e--animation-fade\">\n\t\t\t\t<ul id=\"menu-1-2e8c2ce\" class=\"elementor-nav-menu sm-vertical\"><li class=\"menu-item menu-item-type-post_type menu-item-object-page menu-item-2852\"><a href=\"http:\/\/ordemdosfisioterapeutas.pt\/es\/eleicoes\/\" class=\"elementor-item\">Elecciones al Consejo de Supervisi\u00f3n<\/a><\/li>\n<li class=\"menu-item menu-item-type-post_type menu-item-object-page menu-item-2863\"><a href=\"http:\/\/ordemdosfisioterapeutas.pt\/es\/eleicoes\/calendario-eleitoral\/\" class=\"elementor-item\">Calendario electoral<\/a><\/li>\n<li class=\"menu-item menu-item-type-post_type menu-item-object-page menu-item-2864\"><a href=\"http:\/\/ordemdosfisioterapeutas.pt\/es\/eleicoes\/comissao-eleitoral\/\" class=\"elementor-item\">Comisi\u00f3n Electoral<\/a><\/li>\n<li class=\"menu-item menu-item-type-post_type menu-item-object-page menu-item-2862\"><a href=\"http:\/\/ordemdosfisioterapeutas.pt\/es\/eleicoes\/recenseamento\/\" class=\"elementor-item\">Censo<\/a><\/li>\n<li class=\"menu-item menu-item-type-post_type menu-item-object-page menu-item-2861\"><a href=\"http:\/\/ordemdosfisioterapeutas.pt\/es\/eleicoes\/caderno-eleitoral\/\" class=\"elementor-item\">Censo electoral<\/a><\/li>\n<li class=\"menu-item menu-item-type-post_type menu-item-object-page menu-item-2860\"><a href=\"http:\/\/ordemdosfisioterapeutas.pt\/es\/eleicoes\/candidaturas\/\" class=\"elementor-item\">Aplicaciones<\/a><\/li>\n<li class=\"menu-item menu-item-type-post_type menu-item-object-page menu-item-2859\"><a href=\"http:\/\/ordemdosfisioterapeutas.pt\/es\/eleicoes\/listas-candidatas\/\" class=\"elementor-item\">Listas de candidatos<\/a><\/li>\n<li class=\"menu-item menu-item-type-post_type menu-item-object-page menu-item-2858\"><a href=\"http:\/\/ordemdosfisioterapeutas.pt\/es\/eleicoes\/campanha-eleitoral\/\" class=\"elementor-item\">Campa\u00f1a electoral<\/a><\/li>\n<li class=\"menu-item menu-item-type-post_type menu-item-object-page menu-item-2857\"><a href=\"http:\/\/ordemdosfisioterapeutas.pt\/es\/eleicoes\/ato-eleitoral\/\" class=\"elementor-item\">Ley electoral<\/a><\/li>\n<li class=\"menu-item menu-item-type-post_type menu-item-object-page menu-item-2856\"><a href=\"http:\/\/ordemdosfisioterapeutas.pt\/es\/eleicoes\/apuramento-dos-resultados\/\" class=\"elementor-item\">Resultados provisionales<\/a><\/li>\n<li class=\"menu-item menu-item-type-post_type menu-item-object-page menu-item-2855\"><a href=\"http:\/\/ordemdosfisioterapeutas.pt\/es\/eleicoes\/resultados-oficiais\/\" class=\"elementor-item\">Resultados oficiales<\/a><\/li>\n<li class=\"menu-item menu-item-type-post_type menu-item-object-page menu-item-2853\"><a href=\"http:\/\/ordemdosfisioterapeutas.pt\/es\/eleicoes\/faq-eleicoes\/\" class=\"elementor-item\">Preguntas frecuentes<\/a><\/li>\n<\/ul>\t\t\t<\/nav>\n\t\t\t\t\t<div class=\"elementor-menu-toggle\" role=\"button\" tabindex=\"0\" aria-label=\"Men\u00fa Cambiar\" aria-expanded=\"false\">\n\t\t\t<i aria-hidden=\"true\" role=\"presentation\" class=\"elementor-menu-toggle__icon--open eicon-menu-bar\"><\/i><i aria-hidden=\"true\" role=\"presentation\" class=\"elementor-menu-toggle__icon--close eicon-close\"><\/i>\t\t<\/div>\n\t\t\t\t\t<nav class=\"elementor-nav-menu--dropdown elementor-nav-menu__container\" aria-hidden=\"true\">\n\t\t\t\t<ul id=\"menu-2-2e8c2ce\" class=\"elementor-nav-menu sm-vertical\"><li class=\"menu-item menu-item-type-post_type menu-item-object-page menu-item-2852\"><a href=\"http:\/\/ordemdosfisioterapeutas.pt\/es\/eleicoes\/\" class=\"elementor-item\" tabindex=\"-1\">Elecciones al Consejo de Supervisi\u00f3n<\/a><\/li>\n<li class=\"menu-item menu-item-type-post_type menu-item-object-page menu-item-2863\"><a href=\"http:\/\/ordemdosfisioterapeutas.pt\/es\/eleicoes\/calendario-eleitoral\/\" class=\"elementor-item\" tabindex=\"-1\">Calendario electoral<\/a><\/li>\n<li class=\"menu-item menu-item-type-post_type menu-item-object-page menu-item-2864\"><a href=\"http:\/\/ordemdosfisioterapeutas.pt\/es\/eleicoes\/comissao-eleitoral\/\" class=\"elementor-item\" tabindex=\"-1\">Comisi\u00f3n Electoral<\/a><\/li>\n<li class=\"menu-item menu-item-type-post_type menu-item-object-page menu-item-2862\"><a href=\"http:\/\/ordemdosfisioterapeutas.pt\/es\/eleicoes\/recenseamento\/\" class=\"elementor-item\" tabindex=\"-1\">Censo<\/a><\/li>\n<li class=\"menu-item menu-item-type-post_type menu-item-object-page menu-item-2861\"><a href=\"http:\/\/ordemdosfisioterapeutas.pt\/es\/eleicoes\/caderno-eleitoral\/\" class=\"elementor-item\" tabindex=\"-1\">Censo electoral<\/a><\/li>\n<li class=\"menu-item menu-item-type-post_type menu-item-object-page menu-item-2860\"><a href=\"http:\/\/ordemdosfisioterapeutas.pt\/es\/eleicoes\/candidaturas\/\" class=\"elementor-item\" tabindex=\"-1\">Aplicaciones<\/a><\/li>\n<li class=\"menu-item menu-item-type-post_type menu-item-object-page menu-item-2859\"><a href=\"http:\/\/ordemdosfisioterapeutas.pt\/es\/eleicoes\/listas-candidatas\/\" class=\"elementor-item\" tabindex=\"-1\">Listas de candidatos<\/a><\/li>\n<li class=\"menu-item menu-item-type-post_type menu-item-object-page menu-item-2858\"><a href=\"http:\/\/ordemdosfisioterapeutas.pt\/es\/eleicoes\/campanha-eleitoral\/\" class=\"elementor-item\" tabindex=\"-1\">Campa\u00f1a electoral<\/a><\/li>\n<li class=\"menu-item menu-item-type-post_type menu-item-object-page menu-item-2857\"><a href=\"http:\/\/ordemdosfisioterapeutas.pt\/es\/eleicoes\/ato-eleitoral\/\" class=\"elementor-item\" tabindex=\"-1\">Ley electoral<\/a><\/li>\n<li class=\"menu-item menu-item-type-post_type menu-item-object-page menu-item-2856\"><a href=\"http:\/\/ordemdosfisioterapeutas.pt\/es\/eleicoes\/apuramento-dos-resultados\/\" class=\"elementor-item\" tabindex=\"-1\">Resultados provisionales<\/a><\/li>\n<li class=\"menu-item menu-item-type-post_type menu-item-object-page menu-item-2855\"><a href=\"http:\/\/ordemdosfisioterapeutas.pt\/es\/eleicoes\/resultados-oficiais\/\" class=\"elementor-item\" tabindex=\"-1\">Resultados oficiales<\/a><\/li>\n<li class=\"menu-item menu-item-type-post_type menu-item-object-page menu-item-2853\"><a href=\"http:\/\/ordemdosfisioterapeutas.pt\/es\/eleicoes\/faq-eleicoes\/\" class=\"elementor-item\" tabindex=\"-1\">Preguntas frecuentes<\/a><\/li>\n<\/ul>\t\t\t<\/nav>\n\t\t\t\t\t\t<\/div>\n\t\t\t\t<\/div>\n\t\t\t\t\t<\/div>\n\t\t<\/div>\n\t\t\t\t\t<\/div>\n\t\t<\/section>\n\t\t\t\t\t<\/div>\n\t\t<\/div>\n\t\t\t\t<div class=\"elementor-column elementor-col-50 elementor-top-column elementor-element elementor-element-351bccd8\" data-id=\"351bccd8\" data-element_type=\"column\" data-e-type=\"column\">\n\t\t\t<div class=\"elementor-widget-wrap elementor-element-populated\">\n\t\t\t\t\t\t<div class=\"elementor-element elementor-element-d3bc5e2 elementor-widget elementor-widget-text-editor\" data-id=\"d3bc5e2\" data-element_type=\"widget\" data-e-type=\"widget\" data-widget_type=\"text-editor.default\">\n\t\t\t\t<div class=\"elementor-widget-container\">\n\t\t\t\t\t\t\t\t\t<p>Bienvenido a la <b>Elecciones al Consejo de Supervisi\u00f3n 2024<\/b>. Este a\u00f1o tendremos un proceso electoral crucial para nuestra Orden, con la elecci\u00f3n de los miembros del Consejo de Supervisi\u00f3n, que tendr\u00e1 lugar el d\u00eda de las elecciones. <b>15 de noviembre de 2024<\/b>. Esta p\u00e1gina contiene toda la informaci\u00f3n necesaria sobre el proceso electoral, incluidos los plazos importantes, los procedimientos de presentaci\u00f3n de candidaturas y la normativa aplicable. La presentaci\u00f3n de candidaturas comienza el <b>17 de agosto<\/b> y termina el <b>16 de septiembre<\/b>.<\/p><p>Seg\u00fan la \u00faltima revisi\u00f3n de la <span style=\"text-decoration: underline;\"><a href=\"https:\/\/ordemdosfisioterapeutas.pt\/wp-content\/uploads\/2024\/02\/LC_lei-122-2019-versao-consolidada_09_02_2024.pdf\" target=\"_blank\" rel=\"noopener\">Estado<\/a><\/span> de la Orden de Fisioterapeutas (Ley n\u00ba 71\/2023, de 12 de diciembre), el nuevo <b>Consejo de Supervisi\u00f3n <\/b>Sus principales funciones consisten en velar por la legalidad de las actividades de los \u00f3rganos de la Orden, ejerciendo poderes de control, en particular en materia de regulaci\u00f3n del ejercicio de la fisioterapia. Se compone de <b>cinco miembros con derecho a voto<\/b>: <b>dos representantes de la profesi\u00f3n inscritos en el Colegio de Abogados<\/b>, <b>dos representantes de centros de ense\u00f1anza superior que est\u00e9n cualificados como fisioterapeutas y no est\u00e9n inscritos en la Orden<\/b>El presidente del Consejo es elegido por mayor\u00eda absoluta de los miembros antes mencionados, y una persona de m\u00e9rito reconocido cooptada por los miembros antes mencionados. El presidente del Consejo es elegido entre los miembros que no son miembros de la Orden.<\/p>\t\t\t\t\t\t\t\t<\/div>\n\t\t\t\t<\/div>\n\t\t\t\t\t<\/div>\n\t\t<\/div>\n\t\t\t\t\t<\/div>\n\t\t<\/section>\n\t\t\t\t<\/div>","protected":false},"excerpt":{"rendered":"<p>Bienvenido a la p\u00e1gina de las Elecciones del Consejo de Supervisi\u00f3n 2024. Este a\u00f1o se celebrar\u00e1 un proceso electoral crucial para nuestra Orden, con la elecci\u00f3n de los miembros del Consejo de Supervisi\u00f3n, que tendr\u00e1 lugar el 15 de noviembre de 2024. Esta p\u00e1gina contiene toda la informaci\u00f3n que necesita sobre el proceso electoral, incluidos los plazos importantes, los procedimientos para ... <a title=\"Elecciones al Consejo de Supervisi\u00f3n\" class=\"read-more\" href=\"http:\/\/ordemdosfisioterapeutas.pt\/es\/eleicoes\/\" aria-label=\"M\u00e1s informaci\u00f3n sobre las elecciones al Consejo de Supervisi\u00f3n\">Seguir leyendo<\/a><\/p>","protected":false},"author":1,"featured_media":0,"parent":0,"menu_order":0,"comment_status":"closed","ping_status":"closed","template":"","meta":{"footnotes":""},"class_list":["post-2495","page","type-page","status-publish"],"_links":{"self":[{"href":"http:\/\/ordemdosfisioterapeutas.pt\/es\/wp-json\/wp\/v2\/pages\/2495","targetHints":{"allow":["GET"]}}],"collection":[{"href":"http:\/\/ordemdosfisioterapeutas.pt\/es\/wp-json\/wp\/v2\/pages"}],"about":[{"href":"http:\/\/ordemdosfisioterapeutas.pt\/es\/wp-json\/wp\/v2\/types\/page"}],"author":[{"embeddable":true,"href":"http:\/\/ordemdosfisioterapeutas.pt\/es\/wp-json\/wp\/v2\/users\/1"}],"replies":[{"embeddable":true,"href":"http:\/\/ordemdosfisioterapeutas.pt\/es\/wp-json\/wp\/v2\/comments?post=2495"}],"version-history":[{"count":0,"href":"http:\/\/ordemdosfisioterapeutas.pt\/es\/wp-json\/wp\/v2\/pages\/2495\/revisions"}],"wp:attachment":[{"href":"http:\/\/ordemdosfisioterapeutas.pt\/es\/wp-json\/wp\/v2\/media?parent=2495"}],"curies":[{"name":"wp","href":"https:\/\/api.w.org\/{rel}","templated":true}]}}

Elecciones al Consejo de Supervisión

<div data-elementor-type="wp-page" data-elementor-id="2495" class="elementor elementor-2495" data-elementor-post-type="page">
						<section class="elementor-section elementor-top-section elementor-element elementor-element-7a64a6a6 elementor-section-boxed elementor-section-height-default elementor-section-height-default" data-id="7a64a6a6" data-element_type="section" data-e-type="section">
						<div class="elementor-container elementor-column-gap-default">
					<div class="elementor-column elementor-col-50 elementor-top-column elementor-element elementor-element-2bc57231 sticky-parent" data-id="2bc57231" data-element_type="column" data-e-type="column">
			<div class="elementor-widget-wrap elementor-element-populated">
						<section class="elementor-section elementor-inner-section elementor-element elementor-element-4899e116 sticky-column elementor-section-boxed elementor-section-height-default elementor-section-height-default" data-id="4899e116" data-element_type="section" data-e-type="section">
						<div class="elementor-container elementor-column-gap-default">
					<div class="elementor-column elementor-col-100 elementor-inner-column elementor-element elementor-element-288b2628" data-id="288b2628" data-element_type="column" data-e-type="column">
			<div class="elementor-widget-wrap elementor-element-populated">
						<div class="elementor-element elementor-element-2e8c2ce elementor-hidden-desktop elementor-hidden-tablet elementor-hidden-mobile elementor-nav-menu--dropdown-tablet elementor-nav-menu__text-align-aside elementor-nav-menu--toggle elementor-nav-menu--burger elementor-widget elementor-widget-global elementor-global-2875 elementor-widget-nav-menu" data-id="2e8c2ce" data-element_type="widget" data-e-type="widget" data-settings="{&quot;layout&quot;:&quot;vertical&quot;,&quot;submenu_icon&quot;:{&quot;value&quot;:&quot;fas fa-caret-down&quot;,&quot;library&quot;:&quot;fa-solid&quot;},&quot;toggle&quot;:&quot;burger&quot;}" data-widget_type="nav-menu.default">
				<div class="elementor-widget-container">
								<nav aria-label="Menú" class="elementor-nav-menu--main elementor-nav-menu__container elementor-nav-menu--layout-vertical e--pointer-underline e--animation-fade">
				<ul id="menu-1-2e8c2ce" class="elementor-nav-menu sm-vertical"><li class="menu-item menu-item-type-post_type menu-item-object-page menu-item-2852"><a href="http://ordemdosfisioterapeutas.pt/es/eleicoes/" class="elementor-item">Elecciones al Consejo de Supervisión</a></li>
<li class="menu-item menu-item-type-post_type menu-item-object-page menu-item-2863"><a href="http://ordemdosfisioterapeutas.pt/es/eleicoes/calendario-eleitoral/" class="elementor-item">Calendario electoral</a></li>
<li class="menu-item menu-item-type-post_type menu-item-object-page menu-item-2864"><a href="http://ordemdosfisioterapeutas.pt/es/eleicoes/comissao-eleitoral/" class="elementor-item">Comisión Electoral</a></li>
<li class="menu-item menu-item-type-post_type menu-item-object-page menu-item-2862"><a href="http://ordemdosfisioterapeutas.pt/es/eleicoes/recenseamento/" class="elementor-item">Censo</a></li>
<li class="menu-item menu-item-type-post_type menu-item-object-page menu-item-2861"><a href="http://ordemdosfisioterapeutas.pt/es/eleicoes/caderno-eleitoral/" class="elementor-item">Censo electoral</a></li>
<li class="menu-item menu-item-type-post_type menu-item-object-page menu-item-2860"><a href="http://ordemdosfisioterapeutas.pt/es/eleicoes/candidaturas/" class="elementor-item">Aplicaciones</a></li>
<li class="menu-item menu-item-type-post_type menu-item-object-page menu-item-2859"><a href="http://ordemdosfisioterapeutas.pt/es/eleicoes/listas-candidatas/" class="elementor-item">Listas de candidatos</a></li>
<li class="menu-item menu-item-type-post_type menu-item-object-page menu-item-2858"><a href="http://ordemdosfisioterapeutas.pt/es/eleicoes/campanha-eleitoral/" class="elementor-item">Campaña electoral</a></li>
<li class="menu-item menu-item-type-post_type menu-item-object-page menu-item-2857"><a href="http://ordemdosfisioterapeutas.pt/es/eleicoes/ato-eleitoral/" class="elementor-item">Ley electoral</a></li>
<li class="menu-item menu-item-type-post_type menu-item-object-page menu-item-2856"><a href="http://ordemdosfisioterapeutas.pt/es/eleicoes/apuramento-dos-resultados/" class="elementor-item">Resultados provisionales</a></li>
<li class="menu-item menu-item-type-post_type menu-item-object-page menu-item-2855"><a href="http://ordemdosfisioterapeutas.pt/es/eleicoes/resultados-oficiais/" class="elementor-item">Resultados oficiales</a></li>
<li class="menu-item menu-item-type-post_type menu-item-object-page menu-item-2853"><a href="http://ordemdosfisioterapeutas.pt/es/eleicoes/faq-eleicoes/" class="elementor-item">Preguntas frecuentes</a></li>
</ul>			</nav>
					<div class="elementor-menu-toggle" role="button" tabindex="0" aria-label="Menú Cambiar" aria-expanded="false">
			<i aria-hidden="true" role="presentation" class="elementor-menu-toggle__icon--open eicon-menu-bar"></i><i aria-hidden="true" role="presentation" class="elementor-menu-toggle__icon--close eicon-close"></i>		</div>
					<nav class="elementor-nav-menu--dropdown elementor-nav-menu__container" aria-hidden="true">
				<ul id="menu-2-2e8c2ce" class="elementor-nav-menu sm-vertical"><li class="menu-item menu-item-type-post_type menu-item-object-page menu-item-2852"><a href="http://ordemdosfisioterapeutas.pt/es/eleicoes/" class="elementor-item" tabindex="-1">Elecciones al Consejo de Supervisión</a></li>
<li class="menu-item menu-item-type-post_type menu-item-object-page menu-item-2863"><a href="http://ordemdosfisioterapeutas.pt/es/eleicoes/calendario-eleitoral/" class="elementor-item" tabindex="-1">Calendario electoral</a></li>
<li class="menu-item menu-item-type-post_type menu-item-object-page menu-item-2864"><a href="http://ordemdosfisioterapeutas.pt/es/eleicoes/comissao-eleitoral/" class="elementor-item" tabindex="-1">Comisión Electoral</a></li>
<li class="menu-item menu-item-type-post_type menu-item-object-page menu-item-2862"><a href="http://ordemdosfisioterapeutas.pt/es/eleicoes/recenseamento/" class="elementor-item" tabindex="-1">Censo</a></li>
<li class="menu-item menu-item-type-post_type menu-item-object-page menu-item-2861"><a href="http://ordemdosfisioterapeutas.pt/es/eleicoes/caderno-eleitoral/" class="elementor-item" tabindex="-1">Censo electoral</a></li>
<li class="menu-item menu-item-type-post_type menu-item-object-page menu-item-2860"><a href="http://ordemdosfisioterapeutas.pt/es/eleicoes/candidaturas/" class="elementor-item" tabindex="-1">Aplicaciones</a></li>
<li class="menu-item menu-item-type-post_type menu-item-object-page menu-item-2859"><a href="http://ordemdosfisioterapeutas.pt/es/eleicoes/listas-candidatas/" class="elementor-item" tabindex="-1">Listas de candidatos</a></li>
<li class="menu-item menu-item-type-post_type menu-item-object-page menu-item-2858"><a href="http://ordemdosfisioterapeutas.pt/es/eleicoes/campanha-eleitoral/" class="elementor-item" tabindex="-1">Campaña electoral</a></li>
<li class="menu-item menu-item-type-post_type menu-item-object-page menu-item-2857"><a href="http://ordemdosfisioterapeutas.pt/es/eleicoes/ato-eleitoral/" class="elementor-item" tabindex="-1">Ley electoral</a></li>
<li class="menu-item menu-item-type-post_type menu-item-object-page menu-item-2856"><a href="http://ordemdosfisioterapeutas.pt/es/eleicoes/apuramento-dos-resultados/" class="elementor-item" tabindex="-1">Resultados provisionales</a></li>
<li class="menu-item menu-item-type-post_type menu-item-object-page menu-item-2855"><a href="http://ordemdosfisioterapeutas.pt/es/eleicoes/resultados-oficiais/" class="elementor-item" tabindex="-1">Resultados oficiales</a></li>
<li class="menu-item menu-item-type-post_type menu-item-object-page menu-item-2853"><a href="http://ordemdosfisioterapeutas.pt/es/eleicoes/faq-eleicoes/" class="elementor-item" tabindex="-1">Preguntas frecuentes</a></li>
</ul>			</nav>
						</div>
				</div>
					</div>
		</div>
					</div>
		</section>
					</div>
		</div>
				<div class="elementor-column elementor-col-50 elementor-top-column elementor-element elementor-element-351bccd8" data-id="351bccd8" data-element_type="column" data-e-type="column">
			<div class="elementor-widget-wrap elementor-element-populated">
						<div class="elementor-element elementor-element-d3bc5e2 elementor-widget elementor-widget-text-editor" data-id="d3bc5e2" data-element_type="widget" data-e-type="widget" data-widget_type="text-editor.default">
				<div class="elementor-widget-container">
									<p>Bienvenido a la <b>Elecciones al Consejo de Supervisión 2024</b>. Este año tendremos un proceso electoral crucial para nuestra Orden, con la elección de los miembros del Consejo de Supervisión, que tendrá lugar el día de las elecciones. <b>15 de noviembre de 2024</b>. Esta página contiene toda la información necesaria sobre el proceso electoral, incluidos los plazos importantes, los procedimientos de presentación de candidaturas y la normativa aplicable. La presentación de candidaturas comienza el <b>17 de agosto</b> y termina el <b>16 de septiembre</b>.</p><p>Según la última revisión de la <span style="text-decoration: underline;"><a href="https://ordemdosfisioterapeutas.pt/wp-content/uploads/2024/02/LC_lei-122-2019-versao-consolidada_09_02_2024.pdf" target="_blank" rel="noopener">Estado</a></span> de la Orden de Fisioterapeutas (Ley nº 71/2023, de 12 de diciembre), el nuevo <b>Consejo de Supervisión </b>Sus principales funciones consisten en velar por la legalidad de las actividades de los órganos de la Orden, ejerciendo poderes de control, en particular en materia de regulación del ejercicio de la fisioterapia. Se compone de <b>cinco miembros con derecho a voto</b>: <b>dos representantes de la profesión inscritos en el Colegio de Abogados</b>, <b>dos representantes de centros de enseñanza superior que estén cualificados como fisioterapeutas y no estén inscritos en la Orden</b>El presidente del Consejo es elegido por mayoría absoluta de los miembros antes mencionados, y una persona de mérito reconocido cooptada por los miembros antes mencionados. El presidente del Consejo es elegido entre los miembros que no son miembros de la Orden.</p>								</div>
				</div>
					</div>
		</div>
					</div>
		</section>
				</div>

<p>Bienvenido a la página de las Elecciones del Consejo de Supervisión 2024. Este año se celebrará un proceso electoral crucial para nuestra Orden, con la elección de los miembros del Consejo de Supervisión, que tendrá lugar el 15 de noviembre de 2024. Esta página contiene toda la información que necesita sobre el proceso electoral, incluidos los plazos importantes, los procedimientos para ... <a title="Elecciones al Consejo de Supervisión" class="read-more" href="http://ordemdosfisioterapeutas.pt/es/eleicoes/" aria-label="Más información sobre las elecciones al Consejo de Supervisión">Seguir leyendo</a></p>
